{"id":4672,"date":"2026-03-13T17:11:16","date_gmt":"2026-03-13T16:11:16","guid":{"rendered":"https:\/\/wuefolk.de\/wps\/?post_type=tribe_events&#038;p=4672"},"modified":"2026-04-25T14:19:57","modified_gmt":"2026-04-25T12:19:57","slug":"offene-musik-session-fuer-alle-akustischen-instrumente","status":"publish","type":"tribe_events","link":"https:\/\/wuefolk.de\/wps\/event\/offene-musik-session-fuer-alle-akustischen-instrumente\/","title":{"rendered":"Offene Musik-Session f\u00fcr alle akustischen Instrumente"},"content":{"rendered":"<p>Haben Sie auch ein Instrument zuhause liegen, aber niemand zum Zusammenspielen?<\/p>\n<p>Der Folkclub und das Quartiersmanagement Lindleinsm\u00fchle bieten jetzt die Gelegenheit, musikalischen Anschluss zu finden:<\/p>\n<p>Wir treffen uns am 31. Mai ab 19 Uhr im Quartiersraum Lindleinsm\u00fchle, Schwabenstra\u00dfe 6, 97078 W\u00fcrzburg.<\/p>\n<p>Die n\u00e4chsten geplanten Termine sind:\u00a0 28.6., 26.7. und 13.9.2026.<\/p>\n<p>Gemeinsam wollen wir Musik aus West-, Nord- und S\u00fcdeuropa spielen, wie sie bei traditionellen Tanzb\u00e4llen in Frankreich und anderen L\u00e4ndern beliebt ist, Musik, die inspiriert, die groovt, die die F\u00fc\u00dfe wippen l\u00e4sst oder direkt zu Herzen geht. Man muss keine Noten lesen k\u00f6nnen, denn nach Geh\u00f6r kann man ebenso gut mitspielen.<\/p>\n<p>Keine Anmeldung erforderlich!<\/p>\n<p>Getr\u00e4nke bitte selbst mitbringen!<\/p>\n<p>Eine kleine Saal-Spende ist willkommen.<\/p>\n","protected":false},"excerpt":{"rendered":"<p>Haben Sie auch ein Instrument zuhause liegen, aber niemand zum Zusammenspielen? Der Folkclub und das Quartiersmanagement Lindleinsm\u00fchle bieten jetzt die Gelegenheit, musikalischen Anschluss zu finden: Wir treffen uns am 31. [&hellip;]<\/p>\n","protected":false},"author":2,"featured_media":0,"template":"","meta":{"_price":"","_stock":"","_tribe_ticket_header":"","_tribe_default_ticket_provider":"TEC\\Tickets\\Commerce\\Module","_tribe_ticket_capacity":"0","_ticket_start_date":"","_ticket_end_date":"","_tribe_ticket_show_description":"","_tribe_ticket_show_not_going":false,"_tribe_ticket_use_global_stock":"","_tribe_ticket_global_stock_level":"","_global_stock_mode":"","_global_stock_cap":"","_tribe_rsvp_for_event":"","_tribe_ticket_going_count":"","_tribe_ticket_not_going_count":"","_tribe_tickets_list":"[]","_tribe_ticket_has_attendee_info_fields":false,"_tribe_events_status":"","_tribe_events_status_reason":"","footnotes":"","_tec_slr_enabled":"","_tec_slr_layout":""},"tags":[],"tribe_events_cat":[15],"class_list":["post-4672","tribe_events","type-tribe_events","status-publish","hentry","tribe_events_cat-session","cat_session"],"ticketed":false,"_links":{"self":[{"href":"https:\/\/wuefolk.de\/wps\/wp-json\/wp\/v2\/tribe_events\/4672","targetHints":{"allow":["GET"]}}],"collection":[{"href":"https:\/\/wuefolk.de\/wps\/wp-json\/wp\/v2\/tribe_events"}],"about":[{"href":"https:\/\/wuefolk.de\/wps\/wp-json\/wp\/v2\/types\/tribe_events"}],"author":[{"embeddable":true,"href":"https:\/\/wuefolk.de\/wps\/wp-json\/wp\/v2\/users\/2"}],"version-history":[{"count":6,"href":"https:\/\/wuefolk.de\/wps\/wp-json\/wp\/v2\/tribe_events\/4672\/revisions"}],"predecessor-version":[{"id":6308,"href":"https:\/\/wuefolk.de\/wps\/wp-json\/wp\/v2\/tribe_events\/4672\/revisions\/6308"}],"wp:attachment":[{"href":"https:\/\/wuefolk.de\/wps\/wp-json\/wp\/v2\/media?parent=4672"}],"wp:term":[{"taxonomy":"post_tag","embeddable":true,"href":"https:\/\/wuefolk.de\/wps\/wp-json\/wp\/v2\/tags?post=4672"},{"taxonomy":"tribe_events_cat","embeddable":true,"href":"https:\/\/wuefolk.de\/wps\/wp-json\/wp\/v2\/tribe_events_cat?post=4672"}],"curies":[{"name":"wp","href":"https:\/\/api.w.org\/{rel}","templated":true}]}}

Offene Musik-Session für alle akustischen Instrumente

<p>Haben Sie auch ein Instrument zuhause liegen, aber niemand zum Zusammenspielen?</p>
<p>Der Folkclub und das Quartiersmanagement Lindleinsmühle bieten jetzt die Gelegenheit, musikalischen Anschluss zu finden:</p>
<p>Wir treffen uns am 31. Mai ab 19 Uhr im Quartiersraum Lindleinsmühle, Schwabenstraße 6, 97078 Würzburg.</p>
<p>Die nächsten geplanten Termine sind:  28.6., 26.7. und 13.9.2026.</p>
<p>Gemeinsam wollen wir Musik aus West-, Nord- und Südeuropa spielen, wie sie bei traditionellen Tanzbällen in Frankreich und anderen Ländern beliebt ist, Musik, die inspiriert, die groovt, die die Füße wippen lässt oder direkt zu Herzen geht. Man muss keine Noten lesen können, denn nach Gehör kann man ebenso gut mitspielen.</p>
<p>Keine Anmeldung erforderlich!</p>
<p>Getränke bitte selbst mitbringen!</p>
<p>Eine kleine Saal-Spende ist willkommen.</p>

<p>Haben Sie auch ein Instrument zuhause liegen, aber niemand zum Zusammenspielen? Der Folkclub und das Quartiersmanagement Lindleinsmühle bieten jetzt die Gelegenheit, musikalischen Anschluss zu finden: Wir treffen uns am 31. [&hellip;]</p>
