{"id":458,"date":"2025-02-04T20:27:44","date_gmt":"2025-02-04T19:27:44","guid":{"rendered":"https:\/\/wuefolk.de\/wps\/event\/folkloretaenze-aus-aller-welt-in-lohr-4\/"},"modified":"2025-02-04T20:27:44","modified_gmt":"2025-02-04T19:27:44","slug":"folkloretaenze-aus-aller-welt-in-lohr-4","status":"publish","type":"tribe_events","link":"https:\/\/wuefolk.de\/wps\/event\/folkloretaenze-aus-aller-welt-in-lohr-4\/","title":{"rendered":"Folkloret\u00e4nze aus aller Welt in Lohr"},"content":{"rendered":"<p><strong>Lust auf T\u00e4nze in der Kette, im Kreis und auch mal als Paar? Interesse an internationaler Folklore?<\/strong><\/p>\n<p><strong>Dann nichts wie hin!<\/strong><\/p>\n<p>Wir tanzen haupts\u00e4chlich Kreis- und Reihent\u00e4nze vom Balkan und aus Osteuropa, unternehmen aber auch Ausfl\u00fcge nach Israel, Schweden oder in die USA, also ganz international.<\/p>\n<p>Henrike Staab bringt immer wieder Neues und Bew\u00e4hrtes mit.<\/p>\n<p>\u00a0<\/p>\n<p><strong>Anf\u00e4nger und Fortgeschrittene sind herzlich willkommen!<\/strong><\/p>\n<p>Tanzpartner\/in und Anmeldung nicht erforderlich!<\/p>\n<p>\u00a0<\/p>\n<p><u>Termine und weitere Infos bei:<\/u><\/p>\n<p>Monika Wolf: <a href=\"mailto:moni.wolf1@gmx.de\">moni.wolf1@gmx.de<\/a><\/p>\n","protected":false},"excerpt":{"rendered":"<p>Lust auf T\u00e4nze in der Kette, im Kreis und auch mal als Paar? Interesse an internationaler Folklore? Dann nichts wie hin! Wir tanzen haupts\u00e4chlich Kreis- und Reihent\u00e4nze vom Balkan und [&hellip;]<\/p>\n","protected":false},"author":2,"featured_media":0,"template":"","meta":{"_price":"","_stock":"","_tribe_ticket_header":"","_tribe_default_ticket_provider":"","_tribe_ticket_capacity":"0","_ticket_start_date":"","_ticket_end_date":"","_tribe_ticket_show_description":"","_tribe_ticket_show_not_going":false,"_tribe_ticket_use_global_stock":"","_tribe_ticket_global_stock_level":"","_global_stock_mode":"","_global_stock_cap":"","_tribe_rsvp_for_event":"","_tribe_ticket_going_count":"","_tribe_ticket_not_going_count":"","_tribe_tickets_list":"[]","_tribe_ticket_has_attendee_info_fields":false,"_tribe_events_status":"","_tribe_events_status_reason":"","footnotes":"","_tec_slr_enabled":"","_tec_slr_layout":""},"tags":[],"tribe_events_cat":[13],"class_list":["post-458","tribe_events","type-tribe_events","status-publish","hentry","tribe_events_cat-tanz","cat_tanz"],"ticketed":false,"_links":{"self":[{"href":"https:\/\/wuefolk.de\/wps\/wp-json\/wp\/v2\/tribe_events\/458","targetHints":{"allow":["GET"]}}],"collection":[{"href":"https:\/\/wuefolk.de\/wps\/wp-json\/wp\/v2\/tribe_events"}],"about":[{"href":"https:\/\/wuefolk.de\/wps\/wp-json\/wp\/v2\/types\/tribe_events"}],"author":[{"embeddable":true,"href":"https:\/\/wuefolk.de\/wps\/wp-json\/wp\/v2\/users\/2"}],"version-history":[{"count":0,"href":"https:\/\/wuefolk.de\/wps\/wp-json\/wp\/v2\/tribe_events\/458\/revisions"}],"wp:attachment":[{"href":"https:\/\/wuefolk.de\/wps\/wp-json\/wp\/v2\/media?parent=458"}],"wp:term":[{"taxonomy":"post_tag","embeddable":true,"href":"https:\/\/wuefolk.de\/wps\/wp-json\/wp\/v2\/tags?post=458"},{"taxonomy":"tribe_events_cat","embeddable":true,"href":"https:\/\/wuefolk.de\/wps\/wp-json\/wp\/v2\/tribe_events_cat?post=458"}],"curies":[{"name":"wp","href":"https:\/\/api.w.org\/{rel}","templated":true}]}}

Folkloretänze aus aller Welt in Lohr

<p><strong>Lust auf Tänze in der Kette, im Kreis und auch mal als Paar? Interesse an internationaler Folklore?</strong></p>
<p><strong>Dann nichts wie hin!</strong></p>
<p>Wir tanzen hauptsächlich Kreis- und Reihentänze vom Balkan und aus Osteuropa, unternehmen aber auch Ausflüge nach Israel, Schweden oder in die USA, also ganz international.</p>
<p>Henrike Staab bringt immer wieder Neues und Bewährtes mit.</p>
<p> </p>
<p><strong>Anfänger und Fortgeschrittene sind herzlich willkommen!</strong></p>
<p>Tanzpartner/in und Anmeldung nicht erforderlich!</p>
<p> </p>
<p><u>Termine und weitere Infos bei:</u></p>
<p>Monika Wolf: <a href="mailto:moni.wolf1@gmx.de">moni.wolf1@gmx.de</a></p>

<p>Lust auf Tänze in der Kette, im Kreis und auch mal als Paar? Interesse an internationaler Folklore? Dann nichts wie hin! Wir tanzen hauptsächlich Kreis- und Reihentänze vom Balkan und [&hellip;]</p>
