{"id":457,"date":"2025-01-02T17:13:54","date_gmt":"2025-01-02T16:13:54","guid":{"rendered":"https:\/\/wuefolk.de\/wps\/event\/wuerzburger-kathreintanz-3\/"},"modified":"2025-09-21T11:27:54","modified_gmt":"2025-09-21T09:27:54","slug":"wuerzburger-kathreintanz-3","status":"publish","type":"tribe_events","link":"https:\/\/wuefolk.de\/wps\/event\/wuerzburger-kathreintanz-3\/","title":{"rendered":"W\u00fcrzburger Kathreintanz"},"content":{"rendered":"<p><img loading=\"lazy\" decoding=\"async\" class=\"alignnone size-large wp-image-1026\" src=\"https:\/\/wuefolk.de\/wps\/wp-content\/uploads\/2025\/08\/20191026_185322-1030x773.jpg\" alt=\"\" width=\"1030\" height=\"773\" \/>Der Herbst ist da und schon bald steht der Kathreintanz auf dem Programm:<\/p>\n<p>Neben lokalen T\u00e4nzen aus Franken stehen T\u00e4nze aus verschiedenen deutschen Regionen auf dem Programm. Au\u00dferdem unternehmen wir kleine Ausfl\u00fcge in west-, ost- und nordeurop\u00e4ische L\u00e4nder. Die T\u00e4nze werden kurz erkl\u00e4rt, bzw. gezeigt.<\/p>\n<p>Unsere Musikerinnen und Musiker kommen aus ganz Deutschland: Unter der bew\u00e4hrten Leitung von Klaus Gauler spielt die \u201eW\u00fcrzburger Volkstanzmusik\u201c f\u00fcr uns.<\/p>\n<p>Das Programm zum <a href=\"https:\/\/wuefolk.de\/wps\/wp-content\/uploads\/2025\/09\/EinladungKathreintanz2025.pdf\">Download<\/a><\/p>\n<p>&nbsp;<\/p>\n","protected":false},"excerpt":{"rendered":"<p>Der Herbst ist da und schon bald steht der Kathreintanz auf dem Programm: Neben lokalen T\u00e4nzen aus Franken stehen T\u00e4nze aus verschiedenen deutschen Regionen auf dem Programm. Au\u00dferdem unternehmen wir [&hellip;]<\/p>\n","protected":false},"author":2,"featured_media":0,"template":"","meta":{"_price":"","_stock":"","_tribe_ticket_header":"","_tribe_default_ticket_provider":"TEC\\Tickets\\Commerce\\Module","_tribe_ticket_capacity":"0","_ticket_start_date":"","_ticket_end_date":"","_tribe_ticket_show_description":"","_tribe_ticket_show_not_going":false,"_tribe_ticket_use_global_stock":"","_tribe_ticket_global_stock_level":"","_global_stock_mode":"","_global_stock_cap":"","_tribe_rsvp_for_event":"","_tribe_ticket_going_count":"","_tribe_ticket_not_going_count":"","_tribe_tickets_list":"[]","_tribe_ticket_has_attendee_info_fields":false,"_tribe_events_status":"","_tribe_events_status_reason":"","footnotes":"","_tec_slr_enabled":"","_tec_slr_layout":""},"tags":[],"tribe_events_cat":[13],"class_list":["post-457","tribe_events","type-tribe_events","status-publish","hentry","tribe_events_cat-tanz","cat_tanz"],"ticketed":false,"_links":{"self":[{"href":"https:\/\/wuefolk.de\/wps\/wp-json\/wp\/v2\/tribe_events\/457","targetHints":{"allow":["GET"]}}],"collection":[{"href":"https:\/\/wuefolk.de\/wps\/wp-json\/wp\/v2\/tribe_events"}],"about":[{"href":"https:\/\/wuefolk.de\/wps\/wp-json\/wp\/v2\/types\/tribe_events"}],"author":[{"embeddable":true,"href":"https:\/\/wuefolk.de\/wps\/wp-json\/wp\/v2\/users\/2"}],"version-history":[{"count":9,"href":"https:\/\/wuefolk.de\/wps\/wp-json\/wp\/v2\/tribe_events\/457\/revisions"}],"predecessor-version":[{"id":1063,"href":"https:\/\/wuefolk.de\/wps\/wp-json\/wp\/v2\/tribe_events\/457\/revisions\/1063"}],"wp:attachment":[{"href":"https:\/\/wuefolk.de\/wps\/wp-json\/wp\/v2\/media?parent=457"}],"wp:term":[{"taxonomy":"post_tag","embeddable":true,"href":"https:\/\/wuefolk.de\/wps\/wp-json\/wp\/v2\/tags?post=457"},{"taxonomy":"tribe_events_cat","embeddable":true,"href":"https:\/\/wuefolk.de\/wps\/wp-json\/wp\/v2\/tribe_events_cat?post=457"}],"curies":[{"name":"wp","href":"https:\/\/api.w.org\/{rel}","templated":true}]}}

Würzburger Kathreintanz

<p><img loading="lazy" decoding="async" class="alignnone size-large wp-image-1026" src="https://wuefolk.de/wps/wp-content/uploads/2025/08/20191026_185322-1030x773.jpg" alt="" width="1030" height="773" />Der Herbst ist da und schon bald steht der Kathreintanz auf dem Programm:</p>
<p>Neben lokalen Tänzen aus Franken stehen Tänze aus verschiedenen deutschen Regionen auf dem Programm. Außerdem unternehmen wir kleine Ausflüge in west-, ost- und nordeuropäische Länder. Die Tänze werden kurz erklärt, bzw. gezeigt.</p>
<p>Unsere Musikerinnen und Musiker kommen aus ganz Deutschland: Unter der bewährten Leitung von Klaus Gauler spielt die „Würzburger Volkstanzmusik“ für uns.</p>
<p>Das Programm zum <a href="https://wuefolk.de/wps/wp-content/uploads/2025/09/EinladungKathreintanz2025.pdf">Download</a></p>
<p>&nbsp;</p>

<p>Der Herbst ist da und schon bald steht der Kathreintanz auf dem Programm: Neben lokalen Tänzen aus Franken stehen Tänze aus verschiedenen deutschen Regionen auf dem Programm. Außerdem unternehmen wir [&hellip;]</p>
