{"id":454,"date":"2025-01-02T10:09:35","date_gmt":"2025-01-02T09:09:35","guid":{"rendered":"https:\/\/wuefolk.de\/wps\/event\/st-patricks-day-2\/"},"modified":"2025-01-02T10:09:35","modified_gmt":"2025-01-02T09:09:35","slug":"st-patricks-day-2","status":"publish","type":"tribe_events","link":"https:\/\/wuefolk.de\/wps\/event\/st-patricks-day-2\/","title":{"rendered":"St. Patricks Day"},"content":{"rendered":"<div class=\"WordSection1\">\u00a0<\/div>\n<div class=\"WordSection1\">Am 15.03.25 feiern wir wieder den St. Patricks Day im Pfarrheim Go\u00dfmannsdorf. Dem f\u00fcnfj\u00e4hrigen Jubil\u00e4um zum Anlass wird es diesmal nicht bei einer Band bleiben &#8211; f\u00fcr euch spielen sowohl die Black Velvet Band als auch The Band with Folk in!<\/div>\n<div class=\"WordSection1\">\u00a0<\/div>\n<div class=\"WordSection1\">The Band with Folk in &#8211; hinter diesem Namen verbirgt sich die Urbesetzung von Heiter bis Folkig: Romulus von Wolfenblut und Fredo Folklin spielen Musik aus Irland, dem Mittelalter und der Scheibenwelt. Viele Instrumente begleiten noch mehr Humor in traditionellen und selbstgeschriebenen St\u00fccken.<\/div>\n<div class=\"WordSection1\">Die Black Velvet Band feiert im n\u00e4chsten Jahr ihr 40-j\u00e4hriges Bestehen und spielen Irish Folk &#8222;Pure&#8220;. Peter Wendel, Udo Hafner und Christian Hartung entfesseln auf der B\u00fchne &#8222;The Power of Irish Folk Music&#8220; &#8211; mit musikalischen Ausfl\u00fcgen manchmal \u00fcber Irland hinaus in benachbarte und weniger benachbarte L\u00e4nder.<\/div>\n<div class=\"WordSection1\">\u00a0<\/div>\n<div class=\"WordSection1\">Nat\u00fcrlich ist auch wieder f\u00fcr ein kulinarisches Rahmenprogramm gesorgt &#8211; Whiskey, Guinness, Irish Coffee und der ein oder andere Snack wird f\u00fcr euch angeboten!<\/div>\n<div class=\"WordSection1\">Tickets (19\u20ac Normalpreis, 16\u20ac erm\u00e4\u00dfigt, 7\u20ac bis 14 Jahre, 0\u20ac bis 10 Jahre) bekommt ihr unter 09331\/6509006, <a class=\"moz-txt-link-abbreviated moz-txt-link-freetext\" href=\"mailto:folk@einfach-veranstalten.de\">folk@einfach-veranstalten.de<\/a>, <a class=\"moz-txt-link-abbreviated\" href=\"http:\/\/www.f-o-l-k.de\">www.f-o-l-k.de<\/a> sowie an allen Eventim-Vorverkaufsstellen.<\/div>\n<div class=\"WordSection1\">\u00a0<\/div>\n","protected":false},"excerpt":{"rendered":"<p>\u00a0 Am 15.03.25 feiern wir wieder den St. Patricks Day im Pfarrheim Go\u00dfmannsdorf. Dem f\u00fcnfj\u00e4hrigen Jubil\u00e4um zum Anlass wird es diesmal nicht bei einer Band bleiben &#8211; f\u00fcr euch spielen [&hellip;]<\/p>\n","protected":false},"author":2,"featured_media":0,"template":"","meta":{"_price":"","_stock":"","_tribe_ticket_header":"","_tribe_default_ticket_provider":"","_tribe_ticket_capacity":"0","_ticket_start_date":"","_ticket_end_date":"","_tribe_ticket_show_description":"","_tribe_ticket_show_not_going":false,"_tribe_ticket_use_global_stock":"","_tribe_ticket_global_stock_level":"","_global_stock_mode":"","_global_stock_cap":"","_tribe_rsvp_for_event":"","_tribe_ticket_going_count":"","_tribe_ticket_not_going_count":"","_tribe_tickets_list":"[]","_tribe_ticket_has_attendee_info_fields":false,"_tribe_events_status":"","_tribe_events_status_reason":"","footnotes":"","_tec_slr_enabled":"","_tec_slr_layout":""},"tags":[],"tribe_events_cat":[14],"class_list":["post-454","tribe_events","type-tribe_events","status-publish","hentry","tribe_events_cat-konzert","cat_konzert"],"ticketed":false,"_links":{"self":[{"href":"https:\/\/wuefolk.de\/wps\/wp-json\/wp\/v2\/tribe_events\/454","targetHints":{"allow":["GET"]}}],"collection":[{"href":"https:\/\/wuefolk.de\/wps\/wp-json\/wp\/v2\/tribe_events"}],"about":[{"href":"https:\/\/wuefolk.de\/wps\/wp-json\/wp\/v2\/types\/tribe_events"}],"author":[{"embeddable":true,"href":"https:\/\/wuefolk.de\/wps\/wp-json\/wp\/v2\/users\/2"}],"version-history":[{"count":0,"href":"https:\/\/wuefolk.de\/wps\/wp-json\/wp\/v2\/tribe_events\/454\/revisions"}],"wp:attachment":[{"href":"https:\/\/wuefolk.de\/wps\/wp-json\/wp\/v2\/media?parent=454"}],"wp:term":[{"taxonomy":"post_tag","embeddable":true,"href":"https:\/\/wuefolk.de\/wps\/wp-json\/wp\/v2\/tags?post=454"},{"taxonomy":"tribe_events_cat","embeddable":true,"href":"https:\/\/wuefolk.de\/wps\/wp-json\/wp\/v2\/tribe_events_cat?post=454"}],"curies":[{"name":"wp","href":"https:\/\/api.w.org\/{rel}","templated":true}]}}

<div class="WordSection1"> </div>
<div class="WordSection1">Am 15.03.25 feiern wir wieder den St. Patricks Day im Pfarrheim Goßmannsdorf. Dem fünfjährigen Jubiläum zum Anlass wird es diesmal nicht bei einer Band bleiben &#8211; für euch spielen sowohl die Black Velvet Band als auch The Band with Folk in!</div>
<div class="WordSection1"> </div>
<div class="WordSection1">The Band with Folk in &#8211; hinter diesem Namen verbirgt sich die Urbesetzung von Heiter bis Folkig: Romulus von Wolfenblut und Fredo Folklin spielen Musik aus Irland, dem Mittelalter und der Scheibenwelt. Viele Instrumente begleiten noch mehr Humor in traditionellen und selbstgeschriebenen Stücken.</div>
<div class="WordSection1">Die Black Velvet Band feiert im nächsten Jahr ihr 40-jähriges Bestehen und spielen Irish Folk &#8222;Pure&#8220;. Peter Wendel, Udo Hafner und Christian Hartung entfesseln auf der Bühne &#8222;The Power of Irish Folk Music&#8220; &#8211; mit musikalischen Ausflügen manchmal über Irland hinaus in benachbarte und weniger benachbarte Länder.</div>
<div class="WordSection1"> </div>
<div class="WordSection1">Natürlich ist auch wieder für ein kulinarisches Rahmenprogramm gesorgt &#8211; Whiskey, Guinness, Irish Coffee und der ein oder andere Snack wird für euch angeboten!</div>
<div class="WordSection1">Tickets (19€ Normalpreis, 16€ ermäßigt, 7€ bis 14 Jahre, 0€ bis 10 Jahre) bekommt ihr unter 09331/6509006, <a class="moz-txt-link-abbreviated moz-txt-link-freetext" href="mailto:folk@einfach-veranstalten.de">folk@einfach-veranstalten.de</a>, <a class="moz-txt-link-abbreviated" href="http://www.f-o-l-k.de">www.f-o-l-k.de</a> sowie an allen Eventim-Vorverkaufsstellen.</div>
<div class="WordSection1"> </div>

<p>  Am 15.03.25 feiern wir wieder den St. Patricks Day im Pfarrheim Goßmannsdorf. Dem fünfjährigen Jubiläum zum Anlass wird es diesmal nicht bei einer Band bleiben &#8211; für euch spielen [&hellip;]</p>
