{"id":453,"date":"2024-12-27T17:25:10","date_gmt":"2024-12-27T16:25:10","guid":{"rendered":"https:\/\/wuefolk.de\/wps\/event\/extra-balfolk-mit-five-across\/"},"modified":"2024-12-27T17:25:10","modified_gmt":"2024-12-27T16:25:10","slug":"extra-balfolk-mit-five-across","status":"publish","type":"tribe_events","link":"https:\/\/wuefolk.de\/wps\/event\/extra-balfolk-mit-five-across\/","title":{"rendered":"Extra-BalFolk mit &#8222;Five Across&#8220;"},"content":{"rendered":"<div>Ja, au\u00dfer der Reihe und diesmal nicht mit Franz-Dampf, aber in unserem vertrauten ASB-Saal:<\/div>\n<div>&#8222;Five Across&#8220; ist meine Band mit meinem langj\u00e4hrigen Musikpartner Keith Macdonald, mit seinem guten Freund Mel Stevens und mit unserer phantastischen Geigerin Barbara, mit Michael Hofmann an der einf\u00fchlsamen Gitarre und Mandoline und mit unserem Gastmusiker Christoph Egerding-Kr\u00fcger mit Pipes und Fl\u00f6ten.<\/div>\n<div>Es ist eine extrem seltene Gelegenheit, uns alle &#8222;auf einem Haufen&#8220; zusammen zu kriegen, denn das &#8222;Across&#8220; in unserem Namen steht f\u00fcr die Entfernungen, die wir zur\u00fccklegen m\u00fcssen, um zusammen zu spielen: Keith wohnt auf Madeira, Mel wohnt in England.<\/div>\n<div>\u00a0<\/div>\n<div>Die seltene Gelegenheit hat mich veranlasst, zwischen unsere Franz-Dampf-B\u00e4lle im Feb. und April noch diesen Termin im M\u00e4rz einzuf\u00fcgen.<\/div>\n<div>Besonders ist auch, was wir euch zu bieten haben:<\/div>\n<div>Ein furioses Programm mit T\u00e4nzen von England bis Italien und von der Bretagne bis Franken, gespielt mit Akkordeon, Dudels\u00e4cken, Geige, Drehleier, Fl\u00f6ten, Saxophon, Klarinette, Gitarre, Mandoline&#8230; &#8211; und als Spezialit\u00e4t den originalen Auvergne-Sound mit Mels Cabrette.<\/div>\n<div>\u00a0<\/div>\n<div>Es ist diesmal ein Bal Folk am SAMSTAG.<\/div>\n<div>Wir beginnen um 19:30 Uhr.<\/div>\n<div>Der Eintritt wird bei 12 (erm. 10) Euro liegen. &#8211; F\u00fcr eine &#8222;Gage&#8220; wird das nicht reichen, aber f\u00fcr Saalmiete und Fahrtkosten-Abfederung sollte schon gen\u00fcgend zusammen kommen. &#8211; Ihr werdet daf\u00fcr reich belohnt werden!<\/div>\n<div>\u00a0<\/div>\n<div>Ein Pausen-B\u00fcffett w\u00e4re wieder sch\u00f6n. &#8211; Das kennt ihr ja und das braucht\u00b4s auch, wenn man tanzt.<\/div>\n<div>Alkoholfreie Getr\u00e4nke stellen wir zur Verf\u00fcgung. Bier bitte selbst mitbringen.<\/div>\n<div>\u00a0<\/div>\n<div>Ich freue mich auf dieses musikalische Highlight und auf euch alle, die es erleben wollen!<\/div>\n<div>Ange Hauck<\/div>\n","protected":false},"excerpt":{"rendered":"<p>Ja, au\u00dfer der Reihe und diesmal nicht mit Franz-Dampf, aber in unserem vertrauten ASB-Saal: &#8222;Five Across&#8220; ist meine Band mit meinem langj\u00e4hrigen Musikpartner Keith Macdonald, mit seinem guten Freund Mel [&hellip;]<\/p>\n","protected":false},"author":2,"featured_media":0,"template":"","meta":{"_price":"","_stock":"","_tribe_ticket_header":"","_tribe_default_ticket_provider":"","_tribe_ticket_capacity":"0","_ticket_start_date":"","_ticket_end_date":"","_tribe_ticket_show_description":"","_tribe_ticket_show_not_going":false,"_tribe_ticket_use_global_stock":"","_tribe_ticket_global_stock_level":"","_global_stock_mode":"","_global_stock_cap":"","_tribe_rsvp_for_event":"","_tribe_ticket_going_count":"","_tribe_ticket_not_going_count":"","_tribe_tickets_list":"[]","_tribe_ticket_has_attendee_info_fields":false,"_tribe_events_status":"","_tribe_events_status_reason":"","footnotes":"","_tec_slr_enabled":"","_tec_slr_layout":""},"tags":[],"tribe_events_cat":[12],"class_list":["post-453","tribe_events","type-tribe_events","status-publish","hentry","tribe_events_cat-bal-folk","cat_bal-folk"],"ticketed":false,"_links":{"self":[{"href":"https:\/\/wuefolk.de\/wps\/wp-json\/wp\/v2\/tribe_events\/453","targetHints":{"allow":["GET"]}}],"collection":[{"href":"https:\/\/wuefolk.de\/wps\/wp-json\/wp\/v2\/tribe_events"}],"about":[{"href":"https:\/\/wuefolk.de\/wps\/wp-json\/wp\/v2\/types\/tribe_events"}],"author":[{"embeddable":true,"href":"https:\/\/wuefolk.de\/wps\/wp-json\/wp\/v2\/users\/2"}],"version-history":[{"count":0,"href":"https:\/\/wuefolk.de\/wps\/wp-json\/wp\/v2\/tribe_events\/453\/revisions"}],"wp:attachment":[{"href":"https:\/\/wuefolk.de\/wps\/wp-json\/wp\/v2\/media?parent=453"}],"wp:term":[{"taxonomy":"post_tag","embeddable":true,"href":"https:\/\/wuefolk.de\/wps\/wp-json\/wp\/v2\/tags?post=453"},{"taxonomy":"tribe_events_cat","embeddable":true,"href":"https:\/\/wuefolk.de\/wps\/wp-json\/wp\/v2\/tribe_events_cat?post=453"}],"curies":[{"name":"wp","href":"https:\/\/api.w.org\/{rel}","templated":true}]}}

<div>Ja, außer der Reihe und diesmal nicht mit Franz-Dampf, aber in unserem vertrauten ASB-Saal:</div>
<div>&#8222;Five Across&#8220; ist meine Band mit meinem langjährigen Musikpartner Keith Macdonald, mit seinem guten Freund Mel Stevens und mit unserer phantastischen Geigerin Barbara, mit Michael Hofmann an der einfühlsamen Gitarre und Mandoline und mit unserem Gastmusiker Christoph Egerding-Krüger mit Pipes und Flöten.</div>
<div>Es ist eine extrem seltene Gelegenheit, uns alle &#8222;auf einem Haufen&#8220; zusammen zu kriegen, denn das &#8222;Across&#8220; in unserem Namen steht für die Entfernungen, die wir zurücklegen müssen, um zusammen zu spielen: Keith wohnt auf Madeira, Mel wohnt in England.</div>
<div> </div>
<div>Die seltene Gelegenheit hat mich veranlasst, zwischen unsere Franz-Dampf-Bälle im Feb. und April noch diesen Termin im März einzufügen.</div>
<div>Besonders ist auch, was wir euch zu bieten haben:</div>
<div>Ein furioses Programm mit Tänzen von England bis Italien und von der Bretagne bis Franken, gespielt mit Akkordeon, Dudelsäcken, Geige, Drehleier, Flöten, Saxophon, Klarinette, Gitarre, Mandoline&#8230; &#8211; und als Spezialität den originalen Auvergne-Sound mit Mels Cabrette.</div>
<div> </div>
<div>Es ist diesmal ein Bal Folk am SAMSTAG.</div>
<div>Wir beginnen um 19:30 Uhr.</div>
<div>Der Eintritt wird bei 12 (erm. 10) Euro liegen. &#8211; Für eine &#8222;Gage&#8220; wird das nicht reichen, aber für Saalmiete und Fahrtkosten-Abfederung sollte schon genügend zusammen kommen. &#8211; Ihr werdet dafür reich belohnt werden!</div>
<div> </div>
<div>Ein Pausen-Büffett wäre wieder schön. &#8211; Das kennt ihr ja und das braucht´s auch, wenn man tanzt.</div>
<div>Alkoholfreie Getränke stellen wir zur Verfügung. Bier bitte selbst mitbringen.</div>
<div> </div>
<div>Ich freue mich auf dieses musikalische Highlight und auf euch alle, die es erleben wollen!</div>
<div>Ange Hauck</div>

<p>Ja, außer der Reihe und diesmal nicht mit Franz-Dampf, aber in unserem vertrauten ASB-Saal: &#8222;Five Across&#8220; ist meine Band mit meinem langjährigen Musikpartner Keith Macdonald, mit seinem guten Freund Mel [&hellip;]</p>
