{"id":452,"date":"2024-12-23T18:42:10","date_gmt":"2024-12-23T17:42:10","guid":{"rendered":"https:\/\/wuefolk.de\/wps\/event\/tanzwochenende-mit-tamzara-auf-burg-rothenfels-ausgebucht\/"},"modified":"2024-12-23T18:42:10","modified_gmt":"2024-12-23T17:42:10","slug":"tanzwochenende-mit-tamzara-auf-burg-rothenfels-ausgebucht","status":"publish","type":"tribe_events","link":"https:\/\/wuefolk.de\/wps\/event\/tanzwochenende-mit-tamzara-auf-burg-rothenfels-ausgebucht\/","title":{"rendered":"Tanzwochenende mit Tamzara auf Burg Rothenfels &#8211; AUSGEBUCHT!"},"content":{"rendered":"<p><strong>ACHTUNG: Das Tanzseminar ist ausgebucht! Wer noch Interesse hat, kann sich auf eine Warteliste setzen lassen. Dazu bitte eine Mail an uns schicken (s. Flyer).<\/strong><\/p>\n<p>\u00a0<\/p>\n<p>Wir laden herzlich ein zu einem Tanzwochenende auf Burg Rothenfels!<\/p>\n<p>Es gibt die M\u00f6glichkeit, Kreis- und Reihent\u00e4nze aus Osteuropa oder Paart\u00e4nze aus West- und Nordeuropa zu lernen.<\/p>\n<p>Daneben stehen Mitmacht\u00e4nze zu Livemusik und auch zu Musik vom Band je nach Lust und Laune auf dem Programm.<\/p>\n<p>N\u00e4here Informationen im Flyer: <a href=\"images\/pdf\/FlyerRothenfels2025.pdf\">FlyerRothenfels2025.pdf<\/a><\/p>\n","protected":false},"excerpt":{"rendered":"<p>ACHTUNG: Das Tanzseminar ist ausgebucht! Wer noch Interesse hat, kann sich auf eine Warteliste setzen lassen. Dazu bitte eine Mail an uns schicken (s. Flyer). \u00a0 Wir laden herzlich ein [&hellip;]<\/p>\n","protected":false},"author":2,"featured_media":0,"template":"","meta":{"_price":"","_stock":"","_tribe_ticket_header":"","_tribe_default_ticket_provider":"","_tribe_ticket_capacity":"0","_ticket_start_date":"","_ticket_end_date":"","_tribe_ticket_show_description":"","_tribe_ticket_show_not_going":false,"_tribe_ticket_use_global_stock":"","_tribe_ticket_global_stock_level":"","_global_stock_mode":"","_global_stock_cap":"","_tribe_rsvp_for_event":"","_tribe_ticket_going_count":"","_tribe_ticket_not_going_count":"","_tribe_tickets_list":"[]","_tribe_ticket_has_attendee_info_fields":false,"_tribe_events_status":"","_tribe_events_status_reason":"","footnotes":"","_tec_slr_enabled":"","_tec_slr_layout":""},"tags":[],"tribe_events_cat":[13],"class_list":["post-452","tribe_events","type-tribe_events","status-publish","hentry","tribe_events_cat-tanz","cat_tanz"],"ticketed":false,"_links":{"self":[{"href":"https:\/\/wuefolk.de\/wps\/wp-json\/wp\/v2\/tribe_events\/452","targetHints":{"allow":["GET"]}}],"collection":[{"href":"https:\/\/wuefolk.de\/wps\/wp-json\/wp\/v2\/tribe_events"}],"about":[{"href":"https:\/\/wuefolk.de\/wps\/wp-json\/wp\/v2\/types\/tribe_events"}],"author":[{"embeddable":true,"href":"https:\/\/wuefolk.de\/wps\/wp-json\/wp\/v2\/users\/2"}],"version-history":[{"count":0,"href":"https:\/\/wuefolk.de\/wps\/wp-json\/wp\/v2\/tribe_events\/452\/revisions"}],"wp:attachment":[{"href":"https:\/\/wuefolk.de\/wps\/wp-json\/wp\/v2\/media?parent=452"}],"wp:term":[{"taxonomy":"post_tag","embeddable":true,"href":"https:\/\/wuefolk.de\/wps\/wp-json\/wp\/v2\/tags?post=452"},{"taxonomy":"tribe_events_cat","embeddable":true,"href":"https:\/\/wuefolk.de\/wps\/wp-json\/wp\/v2\/tribe_events_cat?post=452"}],"curies":[{"name":"wp","href":"https:\/\/api.w.org\/{rel}","templated":true}]}}

<p><strong>ACHTUNG: Das Tanzseminar ist ausgebucht! Wer noch Interesse hat, kann sich auf eine Warteliste setzen lassen. Dazu bitte eine Mail an uns schicken (s. Flyer).</strong></p>
<p> </p>
<p>Wir laden herzlich ein zu einem Tanzwochenende auf Burg Rothenfels!</p>
<p>Es gibt die Möglichkeit, Kreis- und Reihentänze aus Osteuropa oder Paartänze aus West- und Nordeuropa zu lernen.</p>
<p>Daneben stehen Mitmachtänze zu Livemusik und auch zu Musik vom Band je nach Lust und Laune auf dem Programm.</p>
<p>Nähere Informationen im Flyer: <a href="images/pdf/FlyerRothenfels2025.pdf">FlyerRothenfels2025.pdf</a></p>
