{"id":446,"date":"2024-10-23T18:04:51","date_gmt":"2024-10-23T16:04:51","guid":{"rendered":"https:\/\/wuefolk.de\/wps\/event\/veranstaltungshinweis-konzert-mit-allegro-ma-non-troppo\/"},"modified":"2024-10-23T18:04:51","modified_gmt":"2024-10-23T16:04:51","slug":"veranstaltungshinweis-konzert-mit-allegro-ma-non-troppo","status":"publish","type":"tribe_events","link":"https:\/\/wuefolk.de\/wps\/event\/veranstaltungshinweis-konzert-mit-allegro-ma-non-troppo\/","title":{"rendered":"Veranstaltungshinweis: Konzert mit Allegro ma non troppo"},"content":{"rendered":"<h1 class=\"western\" style=\"margin-top: 0cm;\" align=\"center\"><span style=\"color: #0000ff;\"><span style=\"font-family: Arial, serif;\">Herzliche Einladung zum <\/span><\/span><\/h1>\n<h1 class=\"western\" style=\"margin-top: 0cm;\" align=\"center\"><span style=\"color: #0000ff;\"><span style=\"font-family: Arial, serif;\">Konzert mit Allegro ma non troppo<\/span><\/span><\/h1>\n<h1 class=\"western\" style=\"margin-top: 0cm;\" align=\"center\"><span style=\"color: #0000ff;\"><span style=\"font-family: Arial, serif;\">am Sonntag, den 08.Dezember 2024 um 17:00 Uhr<\/span><\/span><\/h1>\n<h1 class=\"western\" style=\"margin-top: 0cm;\" align=\"center\"><span style=\"color: #0000ff;\"><span style=\"font-family: Arial, serif;\">in der evang. Friedenskirche Rottendorf<\/span><\/span><\/h1>\n<h1 class=\"western\" style=\"margin-top: 0cm;\" align=\"center\">\u00a0<\/h1>\n<h1 class=\"western\" style=\"margin-top: 0cm;\" align=\"center\"><a name=\"_GoBack\"><\/a> <span style=\"color: #c00000;\"><span style=\"font-family: Arial, serif;\">Allegro ma non troppo <\/span><\/span><\/h1>\n<h1 class=\"western\" style=\"margin-top: 0cm;\" align=\"center\"><span style=\"color: #c00000;\">\u201e<span style=\"font-family: Arial, serif;\">H\u00f6rst es?\u201c<\/span><\/span><\/h1>\n<h1 class=\"western\" style=\"margin-top: 0cm;\" align=\"center\"><span style=\"color: #0000ff;\"><span style=\"font-family: Arial, serif;\"><span style=\"font-size: small;\">Weihnachten ist ein Fest der Freude und der Sehnsucht nach Frieden. Kein Verbot und kein Kommerz konnten die Wirkung und den Zauber des Festes zerst\u00f6ren. Diese Kraft sp\u00fcrt man in den zuweilen schlichten, aber ber\u00fchrenden Melodien der Weihnachtslieder. Die Gruppe \u201eAllegro ma non troppo\u201c hat sich auf die Suche gemacht: in Franken und aller Welt. In S\u00fcdamerika und auf dem Balkan wurden sie ebenso f\u00fcndig wie in Kirchenbirkig in der Fr\u00e4nkischen Schweiz oder in Theres bei Ha\u00dffurt. <\/span><\/span><\/span><\/h1>\n<h1 class=\"western\" style=\"margin-top: 0cm;\" align=\"center\">\u00a0<\/h1>\n<h1 class=\"western\" style=\"margin-top: 0cm;\" align=\"center\"><span style=\"color: #0000ff;\"><span style=\"font-family: Arial, serif;\"><span style=\"font-size: small;\">Und nicht nur mit der Auswahl der Lieder erinnert die Gruppe an die verschiedenen Weihnachtstraditionen in anderen L\u00e4ndern, sondern auch mit Texten und kurzen Geschichten. So zaubert \u201eAllegro\u201c eine besinnliche und feierliche Vorweihnachtsstimmung und entl\u00e4sst das Publikum heiter und beschwingt in eine bunte, lebendige Adventszeit.<\/span><\/span><\/span><\/h1>\n<p style=\"margin-bottom: 0cm;\">\u00a0<\/p>\n<p style=\"line-height: 100%; margin-bottom: 0cm;\"><span style=\"font-family: Arial, serif;\"><b>Allegro ma non troppo<\/b><\/span><span style=\"font-family: Arial, serif;\">, das sind: <\/span><\/p>\n<p style=\"line-height: 100%; margin-bottom: 0cm;\"><span style=\"font-family: Arial, serif;\"><b>Uli Preu<\/b><\/span><span style=\"font-family: Arial, serif;\">, Geige, Gitarre, Gesang; <\/span><\/p>\n<p style=\"line-height: 100%; margin-bottom: 0cm;\"><span style=\"font-family: Arial, serif;\"><b>Siegfried Hutzel<\/b><\/span><span style=\"font-family: Arial, serif;\">, Cello, Kontrabass, Gesang; <\/span><\/p>\n<p style=\"line-height: 100%; margin-bottom: 0cm;\"><span style=\"font-family: Arial, serif;\"><b>Birgit Hutzel<\/b><\/span><span style=\"font-family: Arial, serif;\">, Akkordeon, Fl\u00f6te, Percussion, Gesang; <\/span><\/p>\n<p style=\"line-height: 100%; margin-bottom: 0cm;\"><span style=\"font-family: Arial, serif;\"><b>Hermann Tzschaschel<\/b><\/span><span style=\"font-family: Arial, serif;\">, Gitarre Gesang<\/span><\/p>\n<p style=\"line-height: 100%; margin-bottom: 0cm;\"><span style=\"font-family: Arial, serif;\">Die Mitglieder der Gruppe sind keine Unbekannten in Rottendorf und waren schon oft in der Friedenskirche bei Konzerten erfolgreich zu Gast. Wir freuen uns dass sie wieder zu uns nach Rottendorf kommen. Der Eintritt ist frei, Spenden erbeten!<\/span><\/p>\n","protected":false},"excerpt":{"rendered":"<p>Herzliche Einladung zum Konzert mit Allegro ma non troppo am Sonntag, den 08.Dezember 2024 um 17:00 Uhr in der evang. Friedenskirche Rottendorf \u00a0 Allegro ma non troppo \u201eH\u00f6rst es?\u201c Weihnachten [&hellip;]<\/p>\n","protected":false},"author":2,"featured_media":0,"template":"","meta":{"_price":"","_stock":"","_tribe_ticket_header":"","_tribe_default_ticket_provider":"","_tribe_ticket_capacity":"0","_ticket_start_date":"","_ticket_end_date":"","_tribe_ticket_show_description":"","_tribe_ticket_show_not_going":false,"_tribe_ticket_use_global_stock":"","_tribe_ticket_global_stock_level":"","_global_stock_mode":"","_global_stock_cap":"","_tribe_rsvp_for_event":"","_tribe_ticket_going_count":"","_tribe_ticket_not_going_count":"","_tribe_tickets_list":"[]","_tribe_ticket_has_attendee_info_fields":false,"_tribe_events_status":"","_tribe_events_status_reason":"","footnotes":"","_tec_slr_enabled":"","_tec_slr_layout":""},"tags":[],"tribe_events_cat":[16],"class_list":["post-446","tribe_events","type-tribe_events","status-publish","hentry","tribe_events_cat-veranstaltungstipps","cat_veranstaltungstipps"],"ticketed":false,"_links":{"self":[{"href":"https:\/\/wuefolk.de\/wps\/wp-json\/wp\/v2\/tribe_events\/446","targetHints":{"allow":["GET"]}}],"collection":[{"href":"https:\/\/wuefolk.de\/wps\/wp-json\/wp\/v2\/tribe_events"}],"about":[{"href":"https:\/\/wuefolk.de\/wps\/wp-json\/wp\/v2\/types\/tribe_events"}],"author":[{"embeddable":true,"href":"https:\/\/wuefolk.de\/wps\/wp-json\/wp\/v2\/users\/2"}],"version-history":[{"count":0,"href":"https:\/\/wuefolk.de\/wps\/wp-json\/wp\/v2\/tribe_events\/446\/revisions"}],"wp:attachment":[{"href":"https:\/\/wuefolk.de\/wps\/wp-json\/wp\/v2\/media?parent=446"}],"wp:term":[{"taxonomy":"post_tag","embeddable":true,"href":"https:\/\/wuefolk.de\/wps\/wp-json\/wp\/v2\/tags?post=446"},{"taxonomy":"tribe_events_cat","embeddable":true,"href":"https:\/\/wuefolk.de\/wps\/wp-json\/wp\/v2\/tribe_events_cat?post=446"}],"curies":[{"name":"wp","href":"https:\/\/api.w.org\/{rel}","templated":true}]}}

<h1 class="western" style="margin-top: 0cm;" align="center"><span style="color: #0000ff;"><span style="font-family: Arial, serif;">Herzliche Einladung zum </span></span></h1>
<h1 class="western" style="margin-top: 0cm;" align="center"><span style="color: #0000ff;"><span style="font-family: Arial, serif;">Konzert mit Allegro ma non troppo</span></span></h1>
<h1 class="western" style="margin-top: 0cm;" align="center"><span style="color: #0000ff;"><span style="font-family: Arial, serif;">am Sonntag, den 08.Dezember 2024 um 17:00 Uhr</span></span></h1>
<h1 class="western" style="margin-top: 0cm;" align="center"><span style="color: #0000ff;"><span style="font-family: Arial, serif;">in der evang. Friedenskirche Rottendorf</span></span></h1>
<h1 class="western" style="margin-top: 0cm;" align="center"> </h1>
<h1 class="western" style="margin-top: 0cm;" align="center"><a name="_GoBack"></a> <span style="color: #c00000;"><span style="font-family: Arial, serif;">Allegro ma non troppo </span></span></h1>
<h1 class="western" style="margin-top: 0cm;" align="center"><span style="color: #c00000;">„<span style="font-family: Arial, serif;">Hörst es?“</span></span></h1>
<h1 class="western" style="margin-top: 0cm;" align="center"><span style="color: #0000ff;"><span style="font-family: Arial, serif;"><span style="font-size: small;">Weihnachten ist ein Fest der Freude und der Sehnsucht nach Frieden. Kein Verbot und kein Kommerz konnten die Wirkung und den Zauber des Festes zerstören. Diese Kraft spürt man in den zuweilen schlichten, aber berührenden Melodien der Weihnachtslieder. Die Gruppe „Allegro ma non troppo“ hat sich auf die Suche gemacht: in Franken und aller Welt. In Südamerika und auf dem Balkan wurden sie ebenso fündig wie in Kirchenbirkig in der Fränkischen Schweiz oder in Theres bei Haßfurt. </span></span></span></h1>
<h1 class="western" style="margin-top: 0cm;" align="center"> </h1>
<h1 class="western" style="margin-top: 0cm;" align="center"><span style="color: #0000ff;"><span style="font-family: Arial, serif;"><span style="font-size: small;">Und nicht nur mit der Auswahl der Lieder erinnert die Gruppe an die verschiedenen Weihnachtstraditionen in anderen Ländern, sondern auch mit Texten und kurzen Geschichten. So zaubert „Allegro“ eine besinnliche und feierliche Vorweihnachtsstimmung und entlässt das Publikum heiter und beschwingt in eine bunte, lebendige Adventszeit.</span></span></span></h1>
<p style="margin-bottom: 0cm;"> </p>
<p style="line-height: 100%; margin-bottom: 0cm;"><span style="font-family: Arial, serif;"><b>Allegro ma non troppo</b></span><span style="font-family: Arial, serif;">, das sind: </span></p>
<p style="line-height: 100%; margin-bottom: 0cm;"><span style="font-family: Arial, serif;"><b>Uli Preu</b></span><span style="font-family: Arial, serif;">, Geige, Gitarre, Gesang; </span></p>
<p style="line-height: 100%; margin-bottom: 0cm;"><span style="font-family: Arial, serif;"><b>Siegfried Hutzel</b></span><span style="font-family: Arial, serif;">, Cello, Kontrabass, Gesang; </span></p>
<p style="line-height: 100%; margin-bottom: 0cm;"><span style="font-family: Arial, serif;"><b>Birgit Hutzel</b></span><span style="font-family: Arial, serif;">, Akkordeon, Flöte, Percussion, Gesang; </span></p>
<p style="line-height: 100%; margin-bottom: 0cm;"><span style="font-family: Arial, serif;"><b>Hermann Tzschaschel</b></span><span style="font-family: Arial, serif;">, Gitarre Gesang</span></p>
<p style="line-height: 100%; margin-bottom: 0cm;"><span style="font-family: Arial, serif;">Die Mitglieder der Gruppe sind keine Unbekannten in Rottendorf und waren schon oft in der Friedenskirche bei Konzerten erfolgreich zu Gast. Wir freuen uns dass sie wieder zu uns nach Rottendorf kommen. Der Eintritt ist frei, Spenden erbeten!</span></p>

<p>Herzliche Einladung zum Konzert mit Allegro ma non troppo am Sonntag, den 08.Dezember 2024 um 17:00 Uhr in der evang. Friedenskirche Rottendorf   Allegro ma non troppo „Hörst es?“ Weihnachten [&hellip;]</p>
