{"id":436,"date":"2024-01-03T11:17:40","date_gmt":"2024-01-03T10:17:40","guid":{"rendered":"https:\/\/wuefolk.de\/wps\/event\/wuerzburger-kathreintanz-2\/"},"modified":"2024-01-03T11:17:40","modified_gmt":"2024-01-03T10:17:40","slug":"wuerzburger-kathreintanz-2","status":"publish","type":"tribe_events","link":"https:\/\/wuefolk.de\/wps\/event\/wuerzburger-kathreintanz-2\/","title":{"rendered":"W\u00fcrzburger Kathreintanz"},"content":{"rendered":"<p>Liebe Tanzbegeisterte, wir laden ein zum Kathreintanz 2024!<br \/>Der W\u00fcrzburger Kathreintanz hat lange Tradition mit einem umfassenden Programm:<br \/>Neben lokalen T\u00e4nzen aus Franken stehen T\u00e4nze aus verschiedenen deutschen Regionen auf dem Programm. Au\u00dferdem unternehmen wir kleine Ausfl\u00fcge in west-, ost- und nordeurop\u00e4ische L\u00e4nder. Die T\u00e4nze werden kurz erkl\u00e4rt, bzw. gezeigt.<br \/>Unsere Musikerinnen und Musiker kommen aus ganz Deutschland: Unter der bew\u00e4hrten Leitung von Klaus Gauler spielt die \u201eW\u00fcrzburger Volkstanzmusik\u201c f\u00fcr uns.<\/p>\n<p>Den Flyer mit Programm und allen wichtigen Informationen: <a href=\"images\/pdf\/EinladungKathreintanz2024-1.pdf\">EinladungKathreintanz2024-1.pdf <\/a><\/p>\n<p>Wir freuen uns auf euch!<br \/>Tamzara W\u00fcrzburg<\/p>\n","protected":false},"excerpt":{"rendered":"<p>Liebe Tanzbegeisterte, wir laden ein zum Kathreintanz 2024!Der W\u00fcrzburger Kathreintanz hat lange Tradition mit einem umfassenden Programm:Neben lokalen T\u00e4nzen aus Franken stehen T\u00e4nze aus verschiedenen deutschen Regionen auf dem Programm. [&hellip;]<\/p>\n","protected":false},"author":2,"featured_media":0,"template":"","meta":{"_price":"","_stock":"","_tribe_ticket_header":"","_tribe_default_ticket_provider":"","_tribe_ticket_capacity":"0","_ticket_start_date":"","_ticket_end_date":"","_tribe_ticket_show_description":"","_tribe_ticket_show_not_going":false,"_tribe_ticket_use_global_stock":"","_tribe_ticket_global_stock_level":"","_global_stock_mode":"","_global_stock_cap":"","_tribe_rsvp_for_event":"","_tribe_ticket_going_count":"","_tribe_ticket_not_going_count":"","_tribe_tickets_list":"[]","_tribe_ticket_has_attendee_info_fields":false,"_tribe_events_status":"","_tribe_events_status_reason":"","footnotes":"","_tec_slr_enabled":"","_tec_slr_layout":""},"tags":[],"tribe_events_cat":[13],"class_list":["post-436","tribe_events","type-tribe_events","status-publish","hentry","tribe_events_cat-tanz","cat_tanz"],"ticketed":false,"_links":{"self":[{"href":"https:\/\/wuefolk.de\/wps\/wp-json\/wp\/v2\/tribe_events\/436","targetHints":{"allow":["GET"]}}],"collection":[{"href":"https:\/\/wuefolk.de\/wps\/wp-json\/wp\/v2\/tribe_events"}],"about":[{"href":"https:\/\/wuefolk.de\/wps\/wp-json\/wp\/v2\/types\/tribe_events"}],"author":[{"embeddable":true,"href":"https:\/\/wuefolk.de\/wps\/wp-json\/wp\/v2\/users\/2"}],"version-history":[{"count":0,"href":"https:\/\/wuefolk.de\/wps\/wp-json\/wp\/v2\/tribe_events\/436\/revisions"}],"wp:attachment":[{"href":"https:\/\/wuefolk.de\/wps\/wp-json\/wp\/v2\/media?parent=436"}],"wp:term":[{"taxonomy":"post_tag","embeddable":true,"href":"https:\/\/wuefolk.de\/wps\/wp-json\/wp\/v2\/tags?post=436"},{"taxonomy":"tribe_events_cat","embeddable":true,"href":"https:\/\/wuefolk.de\/wps\/wp-json\/wp\/v2\/tribe_events_cat?post=436"}],"curies":[{"name":"wp","href":"https:\/\/api.w.org\/{rel}","templated":true}]}}

Würzburger Kathreintanz

<p>Liebe Tanzbegeisterte, wir laden ein zum Kathreintanz 2024!<br />Der Würzburger Kathreintanz hat lange Tradition mit einem umfassenden Programm:<br />Neben lokalen Tänzen aus Franken stehen Tänze aus verschiedenen deutschen Regionen auf dem Programm. Außerdem unternehmen wir kleine Ausflüge in west-, ost- und nordeuropäische Länder. Die Tänze werden kurz erklärt, bzw. gezeigt.<br />Unsere Musikerinnen und Musiker kommen aus ganz Deutschland: Unter der bewährten Leitung von Klaus Gauler spielt die „Würzburger Volkstanzmusik“ für uns.</p>
<p>Den Flyer mit Programm und allen wichtigen Informationen: <a href="images/pdf/EinladungKathreintanz2024-1.pdf">EinladungKathreintanz2024-1.pdf </a></p>
<p>Wir freuen uns auf euch!<br />Tamzara Würzburg</p>

<p>Liebe Tanzbegeisterte, wir laden ein zum Kathreintanz 2024!Der Würzburger Kathreintanz hat lange Tradition mit einem umfassenden Programm:Neben lokalen Tänzen aus Franken stehen Tänze aus verschiedenen deutschen Regionen auf dem Programm. [&hellip;]</p>
