{"id":429,"date":"2023-10-15T11:07:12","date_gmt":"2023-10-15T09:07:12","guid":{"rendered":"https:\/\/wuefolk.de\/wps\/event\/jubilaeum-folk-30-der-folkclub-wird-30\/"},"modified":"2023-10-15T11:07:12","modified_gmt":"2023-10-15T09:07:12","slug":"jubilaeum-folk-30-der-folkclub-wird-30","status":"publish","type":"tribe_events","link":"https:\/\/wuefolk.de\/wps\/event\/jubilaeum-folk-30-der-folkclub-wird-30\/","title":{"rendered":"JUBIL\u00c4UM: Folk 30 &#8211; der Folkclub wird 30!"},"content":{"rendered":"<p><span style=\"text-decoration: underline;\"><strong>ACHTUNG: Der BalFolk am Samstag Nachmittag UND der Samstag Abend sind AUSGEBUCHT! F\u00fcr Sonntag gibt es noch Restkarten!<\/strong><\/span><\/p>\n<p>\u00a0<\/p>\n<p>Kaum zu glauben, aber wahr: Der Folkclub wird 30 Jahre alt!<\/p>\n<p>Das wollen wir im September geb\u00fchrend feiern mit einem bunten Programm aus Musik und Tanz, von irisch bis BalFolk und Balkan.<\/p>\n<p>\u00a0<\/p>\n<p><span style=\"text-decoration: underline;\"><strong>Zuerst ein paar organisatorische Informationen:<\/strong><\/span><\/p>\n<p><strong><span style=\"text-decoration: underline;\">Kartenreservierung und Bezahlung:<\/span><br \/><\/strong>Kartenreservierung und Anmeldung zum Brunch bitte \u00fcber das Kontaktformular (ganz oben \u201eKontakt\u201c).<br \/>Die Bezahlung erfolgt an der Tages-\/Abendkasse.<\/p>\n<p><span style=\"text-decoration: underline;\"><strong>Preise:<br \/><\/strong><\/span><strong>Samstag:<br \/><\/strong>Nachmittag mit Irish Folk Session und FranzDampf (incl. einem Glas Sekt): 12 \u20ac \/ Erm\u00e4\u00dfigt 10 \u20ac<br \/>Nur BalFolk mit Franz-Dampf: 8 \u20ac \/ 6 \u20ac<br \/>Abend: 18 \u20ac \/ 15 \u20ac<br \/>Ganzer Samstag: 30 \u20ac \/ 25 \u20ac<br \/><strong>Sonntag:<br \/><\/strong>Konzert: 8 \u20ac \/ 6 \u20ac<br \/>Tanz: 10 \u20ac \/ 8 \u20ac<br \/><strong>Ganzes Wochenende:<br \/><\/strong>45 \u20ac \/ 40 \u20ac<br \/><strong>Erm\u00e4\u00dfigung <\/strong>f\u00fcr Mitglieder des Folkclub, des Erlanger Tanzhauses, Sch\u00fcler*innen, Student*innen und Schwerbehinderte<\/p>\n<p><span style=\"text-decoration: underline;\"><strong>Verpflegung:<br \/><\/strong><\/span><strong>Samstag:<br \/><\/strong>Am Samstag bieten wir Getr\u00e4nke und kleine Snacks an. In der Pause habt ihr die M\u00f6glichkeit, euch in der W\u00fcrzburger Gastronomie zu versorgen. Die Innenstadt ist gut zu Fu\u00df zu erreichen.<br \/><strong>Sonntag:<br \/><\/strong>Am Sonntag gibt es ein Brunch mit Mitbringbufett. Wir z\u00e4hlen auf euren kreativen kulinarischen Beitrag!<\/p>\n<p><strong><span style=\"text-decoration: underline;\">Parken und \u00f6ffentliche Verkehrsmittel:<\/span><br \/><\/strong>Direkt an der esg gibt es KEINE Parkpl\u00e4tze! Wer mit dem Auto kommt, kann auf dem Residenzplatz parken (kostenpflichtig).<br \/>\u00d6ffentliche Verkehrsmittel: Von der Stra\u00dfenbahn-Haltestelle \u201eSanderring\u201c und von der Bushaltestelle &#8222;Neue Universit\u00e4t&#8220; ist die esg in wenigen Minuten zu Fu\u00df zu erreichen.<\/p>\n<p>\u00a0<\/p>\n<p>\u00a0<\/p>\n<p><span style=\"text-decoration: underline;\"><strong>Und hier die Vorstellung der Bands, auf die ihr euch freuen d\u00fcrft:<\/strong><\/span><\/p>\n<p><strong>Samstag, 28.09., 13.00 -15.00 Uhr: <\/strong><\/p>\n<p><strong>Irish Folk Session <\/strong><\/p>\n<p><strong><img decoding=\"async\" src=\"images\/phocagallery\/Sessionband.jpg\" width=\"100%\" \/><\/strong><\/p>\n<p style=\"text-align: right;\"><span style=\"font-size: 8px;\">Foto: privat<\/span><\/p>\n<p>Er\u00f6ffnet wird das Jubil\u00e4um mit der Formation, die es im Folkclub schon von Beginn an gibt: Die Irish Folk Session Band. <br \/>In lockerer Runde und einem bunten Instrumentenmix pr\u00e4sentieren sie Reels, Jigs, Slip Jigs, Hornpipes, Slow Airs, und Polkas, meist nach Geh\u00f6r. Wer Folk-Musik mag oder ein Instrument spielt ist willkommen, diese besondere Atmosph\u00e4re zu erleben und mitzumachen. Zuh\u00f6rer sind ebenfalls herzlich willkommen und d\u00fcrfen nat\u00fcrlich zur schwungvollen Musik auch tanzen.<\/p>\n<p>\u00a0<\/p>\n<p><strong>Samstag, 28.09., 16.00-18.00 Uhr: <\/strong><\/p>\n<p><strong>Bal Folk mit \u201eFRANZ-DAMPF (f\u00fcr alle Kassen!)\u201c<\/strong><\/p>\n<p><img decoding=\"async\" src=\"images\/phocagallery\/FranzDampf.jpg\" width=\"100%\" \/><\/p>\n<p style=\"text-align: right;\"><span style=\"font-size: 8px;\">Foto: privat<\/span><\/p>\n<p>Eine bunte Truppe von 15-20 Musikerinnen und Musikern aus W\u00fcrzburg und Umgebung spielen zum BalFolk auf: Mit Akkordeons, Dudels\u00e4cken, Fl\u00f6ten, Geigen, Drehleiern und Harfen erklingt schwungvolle Tanzmusik, die sofort zum Mittanzen einl\u00e4dt. Der unverwechselbare Sound von \u201eFranz-Dampf\u201c wird durch Percussion, Kontrabass und Blechbl\u00e4ser vollendet.<\/p>\n<p>Auf dem Programm stehen Paart\u00e4nze wie Walzer, Schottisch, Mazurka und Bourree, aber auch bretonische Kettent\u00e4nze, els\u00e4ssische Branles und englische Kontras. Kleine Ausfl\u00fcge in die Welt der fr\u00e4nkischen Zwiefachen, nach Schweden, Italien und andere europ\u00e4ische L\u00e4nder geben dem Programm zus\u00e4tzliche W\u00fcrze. Die T\u00e4nze werden kurz erkl\u00e4rt, so dass auch Neulinge gleich mit einsteigen k\u00f6nnen.<\/p>\n<p>\u00a0<\/p>\n<p><strong>Samstag, 28.09., ab 19.30 Uhr: <\/strong><\/p>\n<p><strong>BalFolk mit AOK<\/strong><\/p>\n<p><img decoding=\"async\" src=\"images\/phocagallery\/Aok.jpg\" width=\"100%\" \/><\/p>\n<p style=\"text-align: right;\"><span style=\"font-size: 8px;\">Foto: privat<\/span><\/p>\n<p style=\"text-align: left;\"><span style=\"font-size: 14px; font-family: arial, helvetica, sans-serif;\"><strong>AOK! &#8211; <\/strong>das sind<strong> Peter <\/strong>(Sopransaxophon), <strong>Andreas<\/strong> (diatonisches Akkordeon) <strong>Klaus <\/strong>(E-Bass) und <strong>Knud <\/strong>(Drehleier, Gesang)\u00a0 &#8211; &#8222;Urgesteine&#8220; der Folk-Tanzszene, die aus dem Rhein-Main-Gebiet kommen.<br \/>Sie spielen eine fetzige, rhythmische Mischung aus traditionellen Musik und eigenen Tanzmelodien: Bal Folk &amp; Fest Noz! Und alles geht dabei direkt vom Ohr in die F\u00fc\u00dfe und Arme&#8230; <\/span><\/p>\n<p style=\"text-align: left;\">\u00a0<\/p>\n<p style=\"text-align: left;\">\u00a0<\/p>\n<p style=\"text-align: left;\"><strong>Samstag, 28.09., ab 21.30 Uhr: <\/strong><\/p>\n<p style=\"text-align: left;\"><strong>BalFolk mit Princesse Miska<\/strong><\/p>\n<p style=\"text-align: left;\"><strong><img decoding=\"async\" src=\"images\/phocagallery\/PrincesseMiska.jpg\" width=\"100%\" \/><\/strong><\/p>\n<p style=\"text-align: right;\"><span style=\"font-size: 8px;\">Foto: privat<\/span><\/p>\n<p>Julien Cartonnet <em>: Banjo \/ <\/em>Lisa K\u00e4uffert<em> : Dudelsack \/ <\/em>Yann Marquer<em> : Akkordeon<\/em><\/p>\n<p>Akkordeon, Banjo und Dudelsack verweben ihre Stimmen zu einem frischen Sound. Traditionelle St\u00fccke und neue Kompositionen wechseln sich ab und werden &#8211; arrangiert mit Experimentierfreude und Spannung &#8211; zu einem glitzernden Ball. Im Mittelpunkt der drei Freunde steht die Freude am gemeinsamen Musizieren und das Teilen ihrer energiegeladenen Musik mit dem Publikum.<\/p>\n<p>\u00a0<\/p>\n<p><strong>Sonntag, 29.09., 10.30-11.30 Uhr: <\/strong><\/p>\n<p><strong>Konzert mit D\u00fao El Mar: Acoustic Celtic Folk <\/strong><\/p>\n<p><img decoding=\"async\" src=\"images\/phocagallery\/DuoElMar.jpg\" width=\"100%\" \/><\/p>\n<p style=\"text-align: right;\"><span style=\"font-size: 8px;\">Foto: Felix Liedel<\/span><\/p>\n<p>Mal ruhig und sehns\u00fcchtig, mal st\u00fcrmisch und temperamentvoll \u2013 so vielseitig wie das Meer: Das D\u00fao El Mar interpretiert traditionelle Melodien und Songs aus Irland, Schottland, England, Galizien und der Bretagne auf frische Art und Weise. Seit 2019 entf\u00fchren Ella und Maria ihr Publikum auf eine musikalische Reise in ferne Welten und vergangene Zeiten.<\/p>\n<p style=\"text-align: left;\">\u00a0<\/p>\n<p style=\"text-align: left;\">\u00a0<\/p>\n<p style=\"text-align: left;\"><strong>Sonntag, 29.09., ab 12.30 Uhr: <\/strong><\/p>\n<p style=\"text-align: left;\"><strong>Balkantanz mit Donagan<\/strong><\/p>\n<p style=\"text-align: left;\"><img decoding=\"async\" src=\"images\/phocagallery\/Donagan_neu.jpg\" width=\"100%\" \/><\/p>\n<p>Die Gruppe DONAGAN mit Sitz in Karlsruhe spielt seit dem Jahr 2000 Folkloremusik zum Tanzen. Musikalischer Schwerpunkt ist Musik aus dem Balkan (bulgarisch, mazedonisch, rum\u00e4nisch, griechisch, serbisch u.\u00e4.). Im Repertoire ist aber auch Klezmer, Musik aus Israel, Armenien und ein bi\u00dfchen Bal Folk. \u2028Unsere Musik ist traditionell orientiert, jedoch ohne Drang zur originalen Perfektion. Sie soll insbesondere den t\u00e4nzerischen Anforderungen gerecht werden. Im Vordergrund stehen Spielfreude und mitrei\u00dfender Schwung. Am liebsten ist es uns, wenn keiner mehr ruhig sitzen bleiben kann. Die Musikgruppe besteht in ihrer heutigen Formation aus 7 Hobbymusikern. Besetzung: Klarinette, Geige, Akkordeon, Fl\u00f6te, Bass, Percussion und Gesang. Seit 2001 tritt DONAGAN einmal pro Monat im Balkan-Tanzhaus in Karlsruhe auf. Siehe auch <a href=\"https:\/\/deref-gmx.net\/mail\/client\/dDP5i9F8-pg\/dereferrer\/?redirectUrl=http%3A%2F%2Fwww.tanzhaus-karlsruhe.de\">www.tanzhaus-karlsruhe.de<\/a><\/p>\n<p>\u00a0<\/p>\n<p>\u00a0<\/p>\n<p>\u00a0<\/p>\n<p>\u00a0<\/p>\n","protected":false},"excerpt":{"rendered":"<p>ACHTUNG: Der BalFolk am Samstag Nachmittag UND der Samstag Abend sind AUSGEBUCHT! F\u00fcr Sonntag gibt es noch Restkarten! \u00a0 Kaum zu glauben, aber wahr: Der Folkclub wird 30 Jahre alt! [&hellip;]<\/p>\n","protected":false},"author":2,"featured_media":0,"template":"","meta":{"_price":"","_stock":"","_tribe_ticket_header":"","_tribe_default_ticket_provider":"","_tribe_ticket_capacity":"0","_ticket_start_date":"","_ticket_end_date":"","_tribe_ticket_show_description":"","_tribe_ticket_show_not_going":false,"_tribe_ticket_use_global_stock":"","_tribe_ticket_global_stock_level":"","_global_stock_mode":"","_global_stock_cap":"","_tribe_rsvp_for_event":"","_tribe_ticket_going_count":"","_tribe_ticket_not_going_count":"","_tribe_tickets_list":"[]","_tribe_ticket_has_attendee_info_fields":false,"_tribe_events_status":"","_tribe_events_status_reason":"","footnotes":"","_tec_slr_enabled":"","_tec_slr_layout":""},"tags":[],"tribe_events_cat":[13],"class_list":["post-429","tribe_events","type-tribe_events","status-publish","hentry","tribe_events_cat-tanz","cat_tanz"],"ticketed":false,"_links":{"self":[{"href":"https:\/\/wuefolk.de\/wps\/wp-json\/wp\/v2\/tribe_events\/429","targetHints":{"allow":["GET"]}}],"collection":[{"href":"https:\/\/wuefolk.de\/wps\/wp-json\/wp\/v2\/tribe_events"}],"about":[{"href":"https:\/\/wuefolk.de\/wps\/wp-json\/wp\/v2\/types\/tribe_events"}],"author":[{"embeddable":true,"href":"https:\/\/wuefolk.de\/wps\/wp-json\/wp\/v2\/users\/2"}],"version-history":[{"count":0,"href":"https:\/\/wuefolk.de\/wps\/wp-json\/wp\/v2\/tribe_events\/429\/revisions"}],"wp:attachment":[{"href":"https:\/\/wuefolk.de\/wps\/wp-json\/wp\/v2\/media?parent=429"}],"wp:term":[{"taxonomy":"post_tag","embeddable":true,"href":"https:\/\/wuefolk.de\/wps\/wp-json\/wp\/v2\/tags?post=429"},{"taxonomy":"tribe_events_cat","embeddable":true,"href":"https:\/\/wuefolk.de\/wps\/wp-json\/wp\/v2\/tribe_events_cat?post=429"}],"curies":[{"name":"wp","href":"https:\/\/api.w.org\/{rel}","templated":true}]}}

JUBILÄUM: Folk 30 &#8211; der Folkclub wird 30!

<p><span style="text-decoration: underline;"><strong>ACHTUNG: Der BalFolk am Samstag Nachmittag UND der Samstag Abend sind AUSGEBUCHT! Für Sonntag gibt es noch Restkarten!</strong></span></p>
<p> </p>
<p>Kaum zu glauben, aber wahr: Der Folkclub wird 30 Jahre alt!</p>
<p>Das wollen wir im September gebührend feiern mit einem bunten Programm aus Musik und Tanz, von irisch bis BalFolk und Balkan.</p>
<p> </p>
<p><span style="text-decoration: underline;"><strong>Zuerst ein paar organisatorische Informationen:</strong></span></p>
<p><strong><span style="text-decoration: underline;">Kartenreservierung und Bezahlung:</span><br /></strong>Kartenreservierung und Anmeldung zum Brunch bitte über das Kontaktformular (ganz oben „Kontakt“).<br />Die Bezahlung erfolgt an der Tages-/Abendkasse.</p>
<p><span style="text-decoration: underline;"><strong>Preise:<br /></strong></span><strong>Samstag:<br /></strong>Nachmittag mit Irish Folk Session und FranzDampf (incl. einem Glas Sekt): 12 € / Ermäßigt 10 €<br />Nur BalFolk mit Franz-Dampf: 8 € / 6 €<br />Abend: 18 € / 15 €<br />Ganzer Samstag: 30 € / 25 €<br /><strong>Sonntag:<br /></strong>Konzert: 8 € / 6 €<br />Tanz: 10 € / 8 €<br /><strong>Ganzes Wochenende:<br /></strong>45 € / 40 €<br /><strong>Ermäßigung </strong>für Mitglieder des Folkclub, des Erlanger Tanzhauses, Schüler*innen, Student*innen und Schwerbehinderte</p>
<p><span style="text-decoration: underline;"><strong>Verpflegung:<br /></strong></span><strong>Samstag:<br /></strong>Am Samstag bieten wir Getränke und kleine Snacks an. In der Pause habt ihr die Möglichkeit, euch in der Würzburger Gastronomie zu versorgen. Die Innenstadt ist gut zu Fuß zu erreichen.<br /><strong>Sonntag:<br /></strong>Am Sonntag gibt es ein Brunch mit Mitbringbufett. Wir zählen auf euren kreativen kulinarischen Beitrag!</p>
<p><strong><span style="text-decoration: underline;">Parken und öffentliche Verkehrsmittel:</span><br /></strong>Direkt an der esg gibt es KEINE Parkplätze! Wer mit dem Auto kommt, kann auf dem Residenzplatz parken (kostenpflichtig).<br />Öffentliche Verkehrsmittel: Von der Straßenbahn-Haltestelle „Sanderring“ und von der Bushaltestelle &#8222;Neue Universität&#8220; ist die esg in wenigen Minuten zu Fuß zu erreichen.</p>
<p> </p>
<p> </p>
<p><span style="text-decoration: underline;"><strong>Und hier die Vorstellung der Bands, auf die ihr euch freuen dürft:</strong></span></p>
<p><strong>Samstag, 28.09., 13.00 -15.00 Uhr: </strong></p>
<p><strong>Irish Folk Session </strong></p>
<p><strong><img decoding="async" src="images/phocagallery/Sessionband.jpg" width="100%" /></strong></p>
<p style="text-align: right;"><span style="font-size: 8px;">Foto: privat</span></p>
<p>Eröffnet wird das Jubiläum mit der Formation, die es im Folkclub schon von Beginn an gibt: Die Irish Folk Session Band. <br />In lockerer Runde und einem bunten Instrumentenmix präsentieren sie Reels, Jigs, Slip Jigs, Hornpipes, Slow Airs, und Polkas, meist nach Gehör. Wer Folk-Musik mag oder ein Instrument spielt ist willkommen, diese besondere Atmosphäre zu erleben und mitzumachen. Zuhörer sind ebenfalls herzlich willkommen und dürfen natürlich zur schwungvollen Musik auch tanzen.</p>
<p> </p>
<p><strong>Samstag, 28.09., 16.00-18.00 Uhr: </strong></p>
<p><strong>Bal Folk mit „FRANZ-DAMPF (für alle Kassen!)“</strong></p>
<p><img decoding="async" src="images/phocagallery/FranzDampf.jpg" width="100%" /></p>
<p style="text-align: right;"><span style="font-size: 8px;">Foto: privat</span></p>
<p>Eine bunte Truppe von 15-20 Musikerinnen und Musikern aus Würzburg und Umgebung spielen zum BalFolk auf: Mit Akkordeons, Dudelsäcken, Flöten, Geigen, Drehleiern und Harfen erklingt schwungvolle Tanzmusik, die sofort zum Mittanzen einlädt. Der unverwechselbare Sound von „Franz-Dampf“ wird durch Percussion, Kontrabass und Blechbläser vollendet.</p>
<p>Auf dem Programm stehen Paartänze wie Walzer, Schottisch, Mazurka und Bourree, aber auch bretonische Kettentänze, elsässische Branles und englische Kontras. Kleine Ausflüge in die Welt der fränkischen Zwiefachen, nach Schweden, Italien und andere europäische Länder geben dem Programm zusätzliche Würze. Die Tänze werden kurz erklärt, so dass auch Neulinge gleich mit einsteigen können.</p>
<p> </p>
<p><strong>Samstag, 28.09., ab 19.30 Uhr: </strong></p>
<p><strong>BalFolk mit AOK</strong></p>
<p><img decoding="async" src="images/phocagallery/Aok.jpg" width="100%" /></p>
<p style="text-align: right;"><span style="font-size: 8px;">Foto: privat</span></p>
<p style="text-align: left;"><span style="font-size: 14px; font-family: arial, helvetica, sans-serif;"><strong>AOK! &#8211; </strong>das sind<strong> Peter </strong>(Sopransaxophon), <strong>Andreas</strong> (diatonisches Akkordeon) <strong>Klaus </strong>(E-Bass) und <strong>Knud </strong>(Drehleier, Gesang)  &#8211; &#8222;Urgesteine&#8220; der Folk-Tanzszene, die aus dem Rhein-Main-Gebiet kommen.<br />Sie spielen eine fetzige, rhythmische Mischung aus traditionellen Musik und eigenen Tanzmelodien: Bal Folk &amp; Fest Noz! Und alles geht dabei direkt vom Ohr in die Füße und Arme&#8230; </span></p>
<p style="text-align: left;"> </p>
<p style="text-align: left;"> </p>
<p style="text-align: left;"><strong>Samstag, 28.09., ab 21.30 Uhr: </strong></p>
<p style="text-align: left;"><strong>BalFolk mit Princesse Miska</strong></p>
<p style="text-align: left;"><strong><img decoding="async" src="images/phocagallery/PrincesseMiska.jpg" width="100%" /></strong></p>
<p style="text-align: right;"><span style="font-size: 8px;">Foto: privat</span></p>
<p>Julien Cartonnet <em>: Banjo / </em>Lisa Käuffert<em> : Dudelsack / </em>Yann Marquer<em> : Akkordeon</em></p>
<p>Akkordeon, Banjo und Dudelsack verweben ihre Stimmen zu einem frischen Sound. Traditionelle Stücke und neue Kompositionen wechseln sich ab und werden &#8211; arrangiert mit Experimentierfreude und Spannung &#8211; zu einem glitzernden Ball. Im Mittelpunkt der drei Freunde steht die Freude am gemeinsamen Musizieren und das Teilen ihrer energiegeladenen Musik mit dem Publikum.</p>
<p> </p>
<p><strong>Sonntag, 29.09., 10.30-11.30 Uhr: </strong></p>
<p><strong>Konzert mit Dúo El Mar: Acoustic Celtic Folk </strong></p>
<p><img decoding="async" src="images/phocagallery/DuoElMar.jpg" width="100%" /></p>
<p style="text-align: right;"><span style="font-size: 8px;">Foto: Felix Liedel</span></p>
<p>Mal ruhig und sehnsüchtig, mal stürmisch und temperamentvoll – so vielseitig wie das Meer: Das Dúo El Mar interpretiert traditionelle Melodien und Songs aus Irland, Schottland, England, Galizien und der Bretagne auf frische Art und Weise. Seit 2019 entführen Ella und Maria ihr Publikum auf eine musikalische Reise in ferne Welten und vergangene Zeiten.</p>
<p style="text-align: left;"> </p>
<p style="text-align: left;"> </p>
<p style="text-align: left;"><strong>Sonntag, 29.09., ab 12.30 Uhr: </strong></p>
<p style="text-align: left;"><strong>Balkantanz mit Donagan</strong></p>
<p style="text-align: left;"><img decoding="async" src="images/phocagallery/Donagan_neu.jpg" width="100%" /></p>
<p>Die Gruppe DONAGAN mit Sitz in Karlsruhe spielt seit dem Jahr 2000 Folkloremusik zum Tanzen. Musikalischer Schwerpunkt ist Musik aus dem Balkan (bulgarisch, mazedonisch, rumänisch, griechisch, serbisch u.ä.). Im Repertoire ist aber auch Klezmer, Musik aus Israel, Armenien und ein bißchen Bal Folk.  Unsere Musik ist traditionell orientiert, jedoch ohne Drang zur originalen Perfektion. Sie soll insbesondere den tänzerischen Anforderungen gerecht werden. Im Vordergrund stehen Spielfreude und mitreißender Schwung. Am liebsten ist es uns, wenn keiner mehr ruhig sitzen bleiben kann. Die Musikgruppe besteht in ihrer heutigen Formation aus 7 Hobbymusikern. Besetzung: Klarinette, Geige, Akkordeon, Flöte, Bass, Percussion und Gesang. Seit 2001 tritt DONAGAN einmal pro Monat im Balkan-Tanzhaus in Karlsruhe auf. Siehe auch <a href="https://deref-gmx.net/mail/client/dDP5i9F8-pg/dereferrer/?redirectUrl=http%3A%2F%2Fwww.tanzhaus-karlsruhe.de">www.tanzhaus-karlsruhe.de</a></p>
<p> </p>
<p> </p>
<p> </p>
<p> </p>

<p>ACHTUNG: Der BalFolk am Samstag Nachmittag UND der Samstag Abend sind AUSGEBUCHT! Für Sonntag gibt es noch Restkarten!   Kaum zu glauben, aber wahr: Der Folkclub wird 30 Jahre alt! [&hellip;]</p>
