{"id":3753,"date":"2026-01-23T17:05:49","date_gmt":"2026-01-23T16:05:49","guid":{"rendered":"https:\/\/wuefolk.de\/wps\/?post_type=tribe_events&#038;p=3753"},"modified":"2026-01-23T17:06:04","modified_gmt":"2026-01-23T16:06:04","slug":"tanzen-in-lohr-griechische-taenze","status":"publish","type":"tribe_events","link":"https:\/\/wuefolk.de\/wps\/event\/tanzen-in-lohr-griechische-taenze\/","title":{"rendered":"Tanzen in Lohr: griechische T\u00e4nze"},"content":{"rendered":"<p><strong>Lust auf T\u00e4nze aus unterschiedlichen Regionen Griechenlands?<\/strong><\/p>\n<p><strong>Dann nichts wie hin!<\/strong><\/p>\n<p>&nbsp;<\/p>\n<p>Klaus L\u00f6hr bringt eine bunte Mischung aus Griechenland mit und l\u00e4sst Urlaubsfeeling aufkommen.<\/p>\n<p><strong>Anf\u00e4nger und Fortgeschrittene sind herzlich willkommen!<\/strong><\/p>\n<p>Tanzpartner\/in und Anmeldung nicht erforderlich!<\/p>\n<p><u>Termine und weitere Infos bei:<\/u><\/p>\n<p>Monika Wolf: <a href=\"mailto:moni.wolf1@gmx.de\">moni.wolf1@gmx.de<\/a><\/p>\n","protected":false},"excerpt":{"rendered":"<p>Lust auf T\u00e4nze aus unterschiedlichen Regionen Griechenlands? Dann nichts wie hin! &nbsp; Klaus L\u00f6hr bringt eine bunte Mischung aus Griechenland mit und l\u00e4sst Urlaubsfeeling aufkommen. Anf\u00e4nger und Fortgeschrittene sind herzlich [&hellip;]<\/p>\n","protected":false},"author":2,"featured_media":0,"template":"","meta":{"_price":"","_stock":"","_tribe_ticket_header":"","_tribe_default_ticket_provider":"TEC\\Tickets\\Commerce\\Module","_tribe_ticket_capacity":"0","_ticket_start_date":"","_ticket_end_date":"","_tribe_ticket_show_description":"","_tribe_ticket_show_not_going":false,"_tribe_ticket_use_global_stock":"","_tribe_ticket_global_stock_level":"","_global_stock_mode":"","_global_stock_cap":"","_tribe_rsvp_for_event":"","_tribe_ticket_going_count":"","_tribe_ticket_not_going_count":"","_tribe_tickets_list":"[]","_tribe_ticket_has_attendee_info_fields":false,"_tribe_events_status":"","_tribe_events_status_reason":"","footnotes":"","_tec_slr_enabled":"","_tec_slr_layout":""},"tags":[],"tribe_events_cat":[13],"class_list":["post-3753","tribe_events","type-tribe_events","status-publish","hentry","tribe_events_cat-tanz","cat_tanz"],"ticketed":false,"_links":{"self":[{"href":"https:\/\/wuefolk.de\/wps\/wp-json\/wp\/v2\/tribe_events\/3753","targetHints":{"allow":["GET"]}}],"collection":[{"href":"https:\/\/wuefolk.de\/wps\/wp-json\/wp\/v2\/tribe_events"}],"about":[{"href":"https:\/\/wuefolk.de\/wps\/wp-json\/wp\/v2\/types\/tribe_events"}],"author":[{"embeddable":true,"href":"https:\/\/wuefolk.de\/wps\/wp-json\/wp\/v2\/users\/2"}],"version-history":[{"count":2,"href":"https:\/\/wuefolk.de\/wps\/wp-json\/wp\/v2\/tribe_events\/3753\/revisions"}],"predecessor-version":[{"id":4728,"href":"https:\/\/wuefolk.de\/wps\/wp-json\/wp\/v2\/tribe_events\/3753\/revisions\/4728"}],"wp:attachment":[{"href":"https:\/\/wuefolk.de\/wps\/wp-json\/wp\/v2\/media?parent=3753"}],"wp:term":[{"taxonomy":"post_tag","embeddable":true,"href":"https:\/\/wuefolk.de\/wps\/wp-json\/wp\/v2\/tags?post=3753"},{"taxonomy":"tribe_events_cat","embeddable":true,"href":"https:\/\/wuefolk.de\/wps\/wp-json\/wp\/v2\/tribe_events_cat?post=3753"}],"curies":[{"name":"wp","href":"https:\/\/api.w.org\/{rel}","templated":true}]}}

Tanzen in Lohr: griechische Tänze

<p><strong>Lust auf Tänze aus unterschiedlichen Regionen Griechenlands?</strong></p>
<p><strong>Dann nichts wie hin!</strong></p>
<p>&nbsp;</p>
<p>Klaus Löhr bringt eine bunte Mischung aus Griechenland mit und lässt Urlaubsfeeling aufkommen.</p>
<p><strong>Anfänger und Fortgeschrittene sind herzlich willkommen!</strong></p>
<p>Tanzpartner/in und Anmeldung nicht erforderlich!</p>
<p><u>Termine und weitere Infos bei:</u></p>
<p>Monika Wolf: <a href="mailto:moni.wolf1@gmx.de">moni.wolf1@gmx.de</a></p>

<p>Lust auf Tänze aus unterschiedlichen Regionen Griechenlands? Dann nichts wie hin! &nbsp; Klaus Löhr bringt eine bunte Mischung aus Griechenland mit und lässt Urlaubsfeeling aufkommen. Anfänger und Fortgeschrittene sind herzlich [&hellip;]</p>
