{"id":1467,"date":"2025-10-07T14:19:56","date_gmt":"2025-10-07T12:19:56","guid":{"rendered":"https:\/\/wuefolk.de\/wps\/?post_type=tribe_events&#038;p=1467"},"modified":"2025-10-07T14:20:08","modified_gmt":"2025-10-07T12:20:08","slug":"veranstaltungshinweis-an-erminig-jubilaeumsprogramm-zum-50-jaehrigen","status":"publish","type":"tribe_events","link":"https:\/\/wuefolk.de\/wps\/event\/veranstaltungshinweis-an-erminig-jubilaeumsprogramm-zum-50-jaehrigen\/","title":{"rendered":"Veranstaltungshinweis: AN ERMINIG &#8211; Jubil\u00e4umsprogramm zum 50-J\u00e4hrigen"},"content":{"rendered":"<p>AN ERMINIG spielt auf Einladung der Union Bayern-Bretagne ihr Jubil\u00e4umsprogramm zum 50-J\u00e4hrigen der Band in W\u00fcrzburg, nat\u00fcrlich tanzbar!<\/p>\n","protected":false},"excerpt":{"rendered":"<p>AN ERMINIG spielt auf Einladung der Union Bayern-Bretagne ihr Jubil\u00e4umsprogramm zum 50-J\u00e4hrigen der Band in W\u00fcrzburg, nat\u00fcrlich tanzbar!<\/p>\n","protected":false},"author":2,"featured_media":0,"template":"","meta":{"_price":"","_stock":"","_tribe_ticket_header":"","_tribe_default_ticket_provider":"TEC\\Tickets\\Commerce\\Module","_tribe_ticket_capacity":"0","_ticket_start_date":"","_ticket_end_date":"","_tribe_ticket_show_description":"","_tribe_ticket_show_not_going":false,"_tribe_ticket_use_global_stock":"","_tribe_ticket_global_stock_level":"","_global_stock_mode":"","_global_stock_cap":"","_tribe_rsvp_for_event":"","_tribe_ticket_going_count":"","_tribe_ticket_not_going_count":"","_tribe_tickets_list":"[]","_tribe_ticket_has_attendee_info_fields":false,"_tribe_events_status":"","_tribe_events_status_reason":"","footnotes":"","_tec_slr_enabled":"","_tec_slr_layout":""},"tags":[],"tribe_events_cat":[],"class_list":["post-1467","tribe_events","type-tribe_events","status-publish","hentry"],"ticketed":false,"_links":{"self":[{"href":"https:\/\/wuefolk.de\/wps\/wp-json\/wp\/v2\/tribe_events\/1467","targetHints":{"allow":["GET"]}}],"collection":[{"href":"https:\/\/wuefolk.de\/wps\/wp-json\/wp\/v2\/tribe_events"}],"about":[{"href":"https:\/\/wuefolk.de\/wps\/wp-json\/wp\/v2\/types\/tribe_events"}],"author":[{"embeddable":true,"href":"https:\/\/wuefolk.de\/wps\/wp-json\/wp\/v2\/users\/2"}],"version-history":[{"count":1,"href":"https:\/\/wuefolk.de\/wps\/wp-json\/wp\/v2\/tribe_events\/1467\/revisions"}],"predecessor-version":[{"id":1469,"href":"https:\/\/wuefolk.de\/wps\/wp-json\/wp\/v2\/tribe_events\/1467\/revisions\/1469"}],"wp:attachment":[{"href":"https:\/\/wuefolk.de\/wps\/wp-json\/wp\/v2\/media?parent=1467"}],"wp:term":[{"taxonomy":"post_tag","embeddable":true,"href":"https:\/\/wuefolk.de\/wps\/wp-json\/wp\/v2\/tags?post=1467"},{"taxonomy":"tribe_events_cat","embeddable":true,"href":"https:\/\/wuefolk.de\/wps\/wp-json\/wp\/v2\/tribe_events_cat?post=1467"}],"curies":[{"name":"wp","href":"https:\/\/api.w.org\/{rel}","templated":true}]}}

Veranstaltungshinweis: AN ERMINIG &#8211; Jubiläumsprogramm zum 50-Jährigen

<p>AN ERMINIG spielt auf Einladung der Union Bayern-Bretagne ihr Jubiläumsprogramm zum 50-Jährigen der Band in Würzburg, natürlich tanzbar!</p>
