{"id":897,"date":"2025-08-04T12:19:04","date_gmt":"2025-08-04T10:19:04","guid":{"rendered":"https:\/\/wuefolk.de\/wps\/?page_id=897"},"modified":"2025-08-05T14:57:11","modified_gmt":"2025-08-05T12:57:11","slug":"newsletter","status":"publish","type":"page","link":"https:\/\/wuefolk.de\/wps\/newsletter\/","title":{"rendered":"Newsletter"},"content":{"rendered":"<div  class='flex_column av-adthd-ff3661ed178a24bc35198434bb60f6d0 av_one_full  avia-builder-el-0  avia-builder-el-no-sibling  first flex_column_div  '     ><section  class='av_textblock_section av-mdyd9aj0-e8f9fce08c8c27aa70516f24f89cd96c '   itemscope=\"itemscope\" itemtype=\"https:\/\/schema.org\/CreativeWork\" ><div class='avia_textblock'  itemprop=\"text\" ><h2>Newsletter<\/h2>\n<p>Wir freuen uns \u00fcber Ihre Anmeldung zu unserem Newsletter. Gerne k\u00f6nnen wir sie separat informieren, wenn Sie besonders zu den Terminen f\u00fcr Tamzara oder unsere Irish Folk Sessions eingeladen werden m\u00f6chten.<\/p>\n<\/div><\/section><br \/>\n<br \/>\n<section  class='av_textblock_section av-mdyd9l7r-e0222ef115b3f60d22f7b16844fc0648 '   itemscope=\"itemscope\" itemtype=\"https:\/\/schema.org\/CreativeWork\" ><div class='avia_textblock'  itemprop=\"text\" ><p>Bitte best\u00e4tigen Sie nach Absenden des Formulars Ihre Anmeldung noch mit einem Klick auf Best\u00e4tigen in der an Sie gesendeten Anmeldenachricht. Danke!<\/p>\n<\/div><\/section><\/p><\/div>\n","protected":false},"excerpt":{"rendered":"","protected":false},"author":1,"featured_media":0,"parent":0,"menu_order":0,"comment_status":"closed","ping_status":"closed","template":"","meta":{"_price":"","_stock":"","_tribe_ticket_header":"","_tribe_default_ticket_provider":"","_tribe_ticket_capacity":"0","_ticket_start_date":"","_ticket_end_date":"","_tribe_ticket_show_description":"","_tribe_ticket_show_not_going":false,"_tribe_ticket_use_global_stock":"","_tribe_ticket_global_stock_level":"","_global_stock_mode":"","_global_stock_cap":"","_tribe_rsvp_for_event":"","_tribe_ticket_going_count":"","_tribe_ticket_not_going_count":"","_tribe_tickets_list":"[]","_tribe_ticket_has_attendee_info_fields":false,"footnotes":"","_tec_slr_enabled":"","_tec_slr_layout":""},"class_list":["post-897","page","type-page","status-publish","hentry"],"ticketed":false,"_links":{"self":[{"href":"https:\/\/wuefolk.de\/wps\/wp-json\/wp\/v2\/pages\/897","targetHints":{"allow":["GET"]}}],"collection":[{"href":"https:\/\/wuefolk.de\/wps\/wp-json\/wp\/v2\/pages"}],"about":[{"href":"https:\/\/wuefolk.de\/wps\/wp-json\/wp\/v2\/types\/page"}],"author":[{"embeddable":true,"href":"https:\/\/wuefolk.de\/wps\/wp-json\/wp\/v2\/users\/1"}],"replies":[{"embeddable":true,"href":"https:\/\/wuefolk.de\/wps\/wp-json\/wp\/v2\/comments?post=897"}],"version-history":[{"count":9,"href":"https:\/\/wuefolk.de\/wps\/wp-json\/wp\/v2\/pages\/897\/revisions"}],"predecessor-version":[{"id":929,"href":"https:\/\/wuefolk.de\/wps\/wp-json\/wp\/v2\/pages\/897\/revisions\/929"}],"wp:attachment":[{"href":"https:\/\/wuefolk.de\/wps\/wp-json\/wp\/v2\/media?parent=897"}],"curies":[{"name":"wp","href":"https:\/\/api.w.org\/{rel}","templated":true}]}}