{"id":752,"date":"2025-07-28T19:02:56","date_gmt":"2025-07-28T17:02:56","guid":{"rendered":"https:\/\/wuefolk.de\/wps\/?page_id=752"},"modified":"2025-07-28T19:02:56","modified_gmt":"2025-07-28T17:02:56","slug":"impressum","status":"publish","type":"page","link":"https:\/\/wuefolk.de\/wps\/impressum\/","title":{"rendered":"Impressum"},"content":{"rendered":"<h2>Impressum<\/h2>\n<p>Inhaltlich Verantwortliche gem\u00e4\u00df \u00a7 6 MDStV:<\/p>\n<section class=\"article-content clearfix\"><strong>Folkclub<br \/>\nW\u00fcrzburg e.V.<\/strong>Sitz: W\u00fcrzburg, Vereinsregister 1508<\/p>\n<p>K\u00f6rperschaft Steuer Nr. 203\/111\/21783, Finanzamt Ansbach<\/p>\n<p><strong>c\/o Luise Moosburger<\/strong><br \/>\n<strong>Vorderpfeinach 1<br \/>\n97215 Uffenheim <\/strong><\/p>\n<p>&nbsp;<\/p>\n<p><strong>Gestaltung und Implementierung:<\/strong><\/p>\n<p>Stephan Link, <a href=\"http:\/\/www.arctur.de\" target=\"_blank\" rel=\"alternate noopener noreferrer\">Arctur Internet Consulting<\/a><\/p>\n<\/section>\n","protected":false},"excerpt":{"rendered":"<p>Impressum Inhaltlich Verantwortliche gem\u00e4\u00df \u00a7 6 MDStV: Folkclub W\u00fcrzburg e.V.Sitz: W\u00fcrzburg, Vereinsregister 1508 K\u00f6rperschaft Steuer Nr. 203\/111\/21783, Finanzamt Ansbach c\/o Luise Moosburger Vorderpfeinach 1 97215 Uffenheim &nbsp; Gestaltung und Implementierung: [&hellip;]<\/p>\n","protected":false},"author":1,"featured_media":0,"parent":0,"menu_order":0,"comment_status":"closed","ping_status":"closed","template":"","meta":{"_price":"","_stock":"","_tribe_ticket_header":"","_tribe_default_ticket_provider":"","_tribe_ticket_capacity":"0","_ticket_start_date":"","_ticket_end_date":"","_tribe_ticket_show_description":"","_tribe_ticket_show_not_going":false,"_tribe_ticket_use_global_stock":"","_tribe_ticket_global_stock_level":"","_global_stock_mode":"","_global_stock_cap":"","_tribe_rsvp_for_event":"","_tribe_ticket_going_count":"","_tribe_ticket_not_going_count":"","_tribe_tickets_list":"[]","_tribe_ticket_has_attendee_info_fields":false,"footnotes":"","_tec_slr_enabled":"","_tec_slr_layout":""},"class_list":["post-752","page","type-page","status-publish","hentry"],"ticketed":false,"_links":{"self":[{"href":"https:\/\/wuefolk.de\/wps\/wp-json\/wp\/v2\/pages\/752","targetHints":{"allow":["GET"]}}],"collection":[{"href":"https:\/\/wuefolk.de\/wps\/wp-json\/wp\/v2\/pages"}],"about":[{"href":"https:\/\/wuefolk.de\/wps\/wp-json\/wp\/v2\/types\/page"}],"author":[{"embeddable":true,"href":"https:\/\/wuefolk.de\/wps\/wp-json\/wp\/v2\/users\/1"}],"replies":[{"embeddable":true,"href":"https:\/\/wuefolk.de\/wps\/wp-json\/wp\/v2\/comments?post=752"}],"version-history":[{"count":3,"href":"https:\/\/wuefolk.de\/wps\/wp-json\/wp\/v2\/pages\/752\/revisions"}],"predecessor-version":[{"id":755,"href":"https:\/\/wuefolk.de\/wps\/wp-json\/wp\/v2\/pages\/752\/revisions\/755"}],"wp:attachment":[{"href":"https:\/\/wuefolk.de\/wps\/wp-json\/wp\/v2\/media?parent=752"}],"curies":[{"name":"wp","href":"https:\/\/api.w.org\/{rel}","templated":true}]}}